{"version":"1.0","provider_name":"ZESP\u00d3\u0141 SZK\u00d3\u0141 PRZEMYS\u0141U SPO\u017bYWCZEGO","provider_url":"https:\/\/zsps.poznan.pl","author_name":"barteckir","author_url":"https:\/\/zsps.poznan.pl\/index.php\/author\/barteckir\/","title":"Udzia\u0142 Samorz\u0105du Uczniowskiego w projekcie - ZESP\u00d3\u0141 SZK\u00d3\u0141 PRZEMYS\u0141U SPO\u017bYWCZEGO","type":"rich","width":600,"height":338,"html":"<blockquote class=\"wp-embedded-content\" data-secret=\"Gdwo2QK1Fo\"><a href=\"https:\/\/zsps.poznan.pl\/index.php\/udzial-samorzadu-uczniowskiego-w-projekcie\/\">Udzia\u0142 Samorz\u0105du Uczniowskiego w projekcie<\/a><\/blockquote><iframe sandbox=\"allow-scripts\" security=\"restricted\" src=\"https:\/\/zsps.poznan.pl\/index.php\/udzial-samorzadu-uczniowskiego-w-projekcie\/embed\/#?secret=Gdwo2QK1Fo\" width=\"600\" height=\"338\" title=\"&#8222;Udzia\u0142 Samorz\u0105du Uczniowskiego w projekcie&#8221; &#8212; ZESP\u00d3\u0141 SZK\u00d3\u0141 PRZEMYS\u0141U SPO\u017bYWCZEGO\" data-secret=\"Gdwo2QK1Fo\" frameborder=\"0\" marginwidth=\"0\" marginheight=\"0\" scrolling=\"no\" class=\"wp-embedded-content\"><\/iframe><script type=\"text\/javascript\">\n\/* <![CDATA[ *\/\n\/*! This file is auto-generated *\/\n!function(d,l){\"use strict\";l.querySelector&&d.addEventListener&&\"undefined\"!=typeof URL&&(d.wp=d.wp||{},d.wp.receiveEmbedMessage||(d.wp.receiveEmbedMessage=function(e){var t=e.data;if((t||t.secret||t.message||t.value)&&!\/[^a-zA-Z0-9]\/.test(t.secret)){for(var s,r,n,a=l.querySelectorAll('iframe[data-secret=\"'+t.secret+'\"]'),o=l.querySelectorAll('blockquote[data-secret=\"'+t.secret+'\"]'),c=new RegExp(\"^https?:$\",\"i\"),i=0;i<o.length;i++)o[i].style.display=\"none\";for(i=0;i<a.length;i++)s=a[i],e.source===s.contentWindow&&(s.removeAttribute(\"style\"),\"height\"===t.message?(1e3<(r=parseInt(t.value,10))?r=1e3:~~r<200&&(r=200),s.height=r):\"link\"===t.message&&(r=new URL(s.getAttribute(\"src\")),n=new URL(t.value),c.test(n.protocol))&&n.host===r.host&&l.activeElement===s&&(d.top.location.href=t.value))}},d.addEventListener(\"message\",d.wp.receiveEmbedMessage,!1),l.addEventListener(\"DOMContentLoaded\",function(){for(var e,t,s=l.querySelectorAll(\"iframe.wp-embedded-content\"),r=0;r<s.length;r++)(t=(e=s[r]).getAttribute(\"data-secret\"))||(t=Math.random().toString(36).substring(2,12),e.src+=\"#?secret=\"+t,e.setAttribute(\"data-secret\",t)),e.contentWindow.postMessage({message:\"ready\",secret:t},\"*\")},!1)))}(window,document);\n\/\/# sourceURL=https:\/\/zsps.poznan.pl\/wp-includes\/js\/wp-embed.min.js\n\/* ]]> *\/\n<\/script>\n","description":"20 kwietnia Samorz\u0105d Uczniowski rozpocz\u0105\u0142 sw\u00f3j udzia\u0142 w projekcie &#8222;Przez wolontariat do integracji. Porozmawiajmy o niepe\u0142nosprawno\u015bci&#8221; w ramach akcji spo\u0142ecznej przygotowanej przez CREO. Odbyli\u015bmy spotkanie z pani\u0105 Agnieszk\u0105, kt\u00f3ra na\u015bwietli\u0142a nam, jak wygl\u0105da \u017cycie ludzi z niepe\u0142nosprawno\u015bci\u0105. Mogli\u015bmy r\u00f3wnie\u017c zada\u0107","thumbnail_url":"https:\/\/zsps.poznan.pl\/wp-content\/uploads\/2021\/04\/wolontariat-1024x704.png"}

ZESPÓŁ SZKÓŁ PRZEMYSŁU SPOŻYWCZEGO

Udział Samorządu Uczniowskiego w projekcie - ZESPÓŁ SZKÓŁ PRZEMYSŁU SPOŻYWCZEGO

<blockquote class="wp-embedded-content" data-secret="Gdwo2QK1Fo"><a href="https://zsps.poznan.pl/index.php/udzial-samorzadu-uczniowskiego-w-projekcie/">Udział Samorządu Uczniowskiego w projekcie</a></blockquote><iframe sandbox="allow-scripts" security="restricted" src="https://zsps.poznan.pl/index.php/udzial-samorzadu-uczniowskiego-w-projekcie/embed/#?secret=Gdwo2QK1Fo" width="600" height="338" title="&#8222;Udział Samorządu Uczniowskiego w projekcie&#8221; &#8212; ZESPÓŁ SZKÓŁ PRZEMYSŁU SPOŻYWCZEGO" data-secret="Gdwo2QK1Fo" frameborder="0" marginwidth="0" marginheight="0" scrolling="no" class="wp-embedded-content"></iframe><script type="text/javascript">
/* <![CDATA[ */
/*! This file is auto-generated */
!function(d,l){"use strict";l.querySelector&&d.addEventListener&&"undefined"!=typeof URL&&(d.wp=d.wp||{},d.wp.receiveEmbedMessage||(d.wp.receiveEmbedMessage=function(e){var t=e.data;if((t||t.secret||t.message||t.value)&&!/[^a-zA-Z0-9]/.test(t.secret)){for(var s,r,n,a=l.querySelectorAll('iframe[data-secret="'+t.secret+'"]'),o=l.querySelectorAll('blockquote[data-secret="'+t.secret+'"]'),c=new RegExp("^https?:$","i"),i=0;i<o.length;i++)o[i].style.display="none";for(i=0;i<a.length;i++)s=a[i],e.source===s.contentWindow&&(s.removeAttribute("style"),"height"===t.message?(1e3<(r=parseInt(t.value,10))?r=1e3:~~r<200&&(r=200),s.height=r):"link"===t.message&&(r=new URL(s.getAttribute("src")),n=new URL(t.value),c.test(n.protocol))&&n.host===r.host&&l.activeElement===s&&(d.top.location.href=t.value))}},d.addEventListener("message",d.wp.receiveEmbedMessage,!1),l.addEventListener("DOMContentLoaded",function(){for(var e,t,s=l.querySelectorAll("iframe.wp-embedded-content"),r=0;r<s.length;r++)(t=(e=s[r]).getAttribute("data-secret"))||(t=Math.random().toString(36).substring(2,12),e.src+="#?secret="+t,e.setAttribute("data-secret",t)),e.contentWindow.postMessage({message:"ready",secret:t},"*")},!1)))}(window,document);
//# sourceURL=https://zsps.poznan.pl/wp-includes/js/wp-embed.min.js
/* ]]> */
</script>

20 kwietnia Samorząd Uczniowski rozpoczął swój udział w projekcie &#8222;Przez wolontariat do integracji. Porozmawiajmy o niepełnosprawności&#8221; w ramach akcji społecznej przygotowanej przez CREO. Odbyliśmy spotkanie z panią Agnieszką, która naświetliła nam, jak wygląda życie ludzi z niepełnosprawnością. Mogliśmy również zadać
