{"id":12300,"date":"2024-01-11T14:38:26","date_gmt":"2024-01-11T13:38:26","guid":{"rendered":"https:\/\/zsps.poznan.pl\/?page_id=12300"},"modified":"2026-03-25T14:20:12","modified_gmt":"2026-03-25T13:20:12","slug":"rekrutacja-do-projektu-zagranicznych-praktyk-zawodowych-na-rok-2026","status":"publish","type":"page","link":"https:\/\/zsps.poznan.pl\/index.php\/rekrutacja-do-projektu-zagranicznych-praktyk-zawodowych-na-rok-2026\/","title":{"rendered":"Rekrutacja do projektu zagranicznych praktyk zawodowych na rok szkolny 2025\/2026"},"content":{"rendered":"\t\t<div data-elementor-type=\"wp-page\" data-elementor-id=\"12300\" class=\"elementor elementor-12300\">\n\t\t\t\t\t\t<section class=\"elementor-section elementor-top-section elementor-element elementor-element-18d721c elementor-section-boxed elementor-section-height-default elementor-section-height-default\" data-id=\"18d721c\" data-element_type=\"section\" data-e-type=\"section\">\n\t\t\t\t\t\t<div class=\"elementor-container elementor-column-gap-default\">\n\t\t\t\t\t<div class=\"elementor-column elementor-col-100 elementor-top-column elementor-element elementor-element-021e9ce\" data-id=\"021e9ce\" data-element_type=\"column\" data-e-type=\"column\">\n\t\t\t<div class=\"elementor-widget-wrap elementor-element-populated\">\n\t\t\t\t\t\t<div class=\"elementor-element elementor-element-2382d5e elementor-widget elementor-widget-image\" data-id=\"2382d5e\" data-element_type=\"widget\" data-e-type=\"widget\" data-widget_type=\"image.default\">\n\t\t\t\t<div class=\"elementor-widget-container\">\n\t\t\t\t\t\t\t\t\t\t\t\t\t\t\t<img fetchpriority=\"high\" decoding=\"async\" width=\"720\" height=\"163\" src=\"https:\/\/zsps.poznan.pl\/wp-content\/uploads\/2025\/03\/PL_FundedbytheEU_RGB_Monochrome-na-stronecertyfikaty-002-768x174.png\" class=\"attachment-medium_large size-medium_large wp-image-15467\" alt=\"\" srcset=\"https:\/\/zsps.poznan.pl\/wp-content\/uploads\/2025\/03\/PL_FundedbytheEU_RGB_Monochrome-na-stronecertyfikaty-002-768x174.png 768w, https:\/\/zsps.poznan.pl\/wp-content\/uploads\/2025\/03\/PL_FundedbytheEU_RGB_Monochrome-na-stronecertyfikaty-002-300x68.png 300w, https:\/\/zsps.poznan.pl\/wp-content\/uploads\/2025\/03\/PL_FundedbytheEU_RGB_Monochrome-na-stronecertyfikaty-002-1024x233.png 1024w, https:\/\/zsps.poznan.pl\/wp-content\/uploads\/2025\/03\/PL_FundedbytheEU_RGB_Monochrome-na-stronecertyfikaty-002-1536x349.png 1536w, https:\/\/zsps.poznan.pl\/wp-content\/uploads\/2025\/03\/PL_FundedbytheEU_RGB_Monochrome-na-stronecertyfikaty-002-2048x465.png 2048w\" sizes=\"(max-width: 720px) 100vw, 720px\" \/>\t\t\t\t\t\t\t\t\t\t\t\t\t\t\t<\/div>\n\t\t\t\t<\/div>\n\t\t\t\t\t<\/div>\n\t\t<\/div>\n\t\t\t\t\t<\/div>\n\t\t<\/section>\n\t\t\t\t<section class=\"elementor-section elementor-top-section elementor-element elementor-element-def5221 elementor-section-boxed elementor-section-height-default elementor-section-height-default\" data-id=\"def5221\" data-element_type=\"section\" data-e-type=\"section\">\n\t\t\t\t\t\t<div class=\"elementor-container elementor-column-gap-default\">\n\t\t\t\t\t<div class=\"elementor-column elementor-col-100 elementor-top-column elementor-element elementor-element-e067cc5\" data-id=\"e067cc5\" data-element_type=\"column\" data-e-type=\"column\">\n\t\t\t<div class=\"elementor-widget-wrap elementor-element-populated\">\n\t\t\t\t\t\t<div class=\"elementor-element elementor-element-25fdc43 elementor-widget elementor-widget-text-editor\" data-id=\"25fdc43\" data-element_type=\"widget\" data-e-type=\"widget\" data-widget_type=\"text-editor.default\">\n\t\t\t\t<div class=\"elementor-widget-container\">\n\t\t\t\t\t\t\t\t\t<p>Drodzy Uczniowie,<\/p><p>Z przyjemno\u015bci\u0105 informujemy, i\u017c rozpocz\u0119\u0142a si\u0119 rekrutacja do projektu <strong>&#8222;Europa na talerzu &#8211; mi\u0119dzynarodowe sta\u017ce zawodowe szans\u0105 dla uczni\u00f3w szko\u0142y .&#8221;<\/strong><\/p><p>W ramach udzia\u0142u w zagranicznych praktykach zawodowych przewidywany jest wyjazd do<strong> Turyngii, Niemcy<\/strong>.<\/p><p>Wszystkich ch\u0119tnych do\u00a0 udzia\u0142u w sta\u017cach zagranicznych prosimy o wype\u0142nienie wymaganych dokument\u00f3w znajduj\u0105cych si\u0119 poni\u017cej.<\/p><ol><li><a href=\"https:\/\/zsps.poznan.pl\/wp-content\/uploads\/2026\/03\/Formularz-zgloszeniowy-Erasmus-AKREDYTACJA-ZSPS-2025-Niemcy.pdf\">formularz zg\u0142oszeniowy<\/a><\/li><li><a href=\"https:\/\/zsps.poznan.pl\/wp-content\/uploads\/2026\/03\/Regulamin-rekrutacji-i-uczestnictwa-w-proj_ErasmusAKREDYTACJA-2025-ZSPS-Poznan.pdf\">regulamin rekrutacji<\/a><\/li><\/ol><p>Wy\u017cej wymienione dokumenty rekrutacyjne powinny zosta\u0107 podpisane przez potencjalnych uczestnik\u00f3w oraz <span style=\"text-decoration: underline;\">ich rodzic\u00f3w\/opiekun\u00f3w prawnych.<\/span><\/p><p>Prawid\u0142owo wype\u0142nione dokumenty prosimy sk\u0142ada\u0107 do sekretariatu szko\u0142y.<\/p><p>Serdecznie zapraszamy.<\/p>\t\t\t\t\t\t\t\t<\/div>\n\t\t\t\t<\/div>\n\t\t\t\t\t<\/div>\n\t\t<\/div>\n\t\t\t\t\t<\/div>\n\t\t<\/section>\n\t\t\t\t<\/div>\n\t\t","protected":false},"excerpt":{"rendered":"<p>Drodzy Uczniowie, Z przyjemno\u015bci\u0105 informujemy, i\u017c rozpocz\u0119\u0142a si\u0119 rekrutacja do projektu &#8222;Europa na talerzu &#8211; mi\u0119dzynarodowe sta\u017ce zawodowe szans\u0105 dla uczni\u00f3w szko\u0142y .&#8221; W ramach udzia\u0142u w zagranicznych praktykach zawodowych przewidywany jest wyjazd do Turyngii, Niemcy. Wszystkich ch\u0119tnych do\u00a0 udzia\u0142u<\/p>\n","protected":false},"author":9,"featured_media":0,"parent":0,"menu_order":0,"comment_status":"closed","ping_status":"closed","template":"","meta":{"footnotes":""},"class_list":["post-12300","page","type-page","status-publish","hentry"],"yoast_head":"<!-- This site is optimized with the Yoast SEO plugin v27.5 - https:\/\/yoast.com\/product\/yoast-seo-wordpress\/ -->\n<title>Rekrutacja do projektu zagranicznych praktyk zawodowych na rok szkolny 2025\/2026 - ZESP\u00d3\u0141 SZK\u00d3\u0141 PRZEMYS\u0141U SPO\u017bYWCZEGO<\/title>\n<meta name=\"robots\" content=\"index, follow, max-snippet:-1, max-image-preview:large, max-video-preview:-1\" \/>\n<link rel=\"canonical\" href=\"https:\/\/zsps.poznan.pl\/index.php\/rekrutacja-do-projektu-zagranicznych-praktyk-zawodowych-na-rok-2026\/\" \/>\n<meta property=\"og:locale\" content=\"pl_PL\" \/>\n<meta property=\"og:type\" content=\"article\" \/>\n<meta property=\"og:title\" content=\"Rekrutacja do projektu zagranicznych praktyk zawodowych na rok szkolny 2025\/2026 - ZESP\u00d3\u0141 SZK\u00d3\u0141 PRZEMYS\u0141U SPO\u017bYWCZEGO\" \/>\n<meta property=\"og:description\" content=\"Drodzy Uczniowie, Z przyjemno\u015bci\u0105 informujemy, i\u017c rozpocz\u0119\u0142a si\u0119 rekrutacja do projektu &#8222;Europa na talerzu &#8211; mi\u0119dzynarodowe sta\u017ce zawodowe szans\u0105 dla uczni\u00f3w szko\u0142y .&#8221; W ramach udzia\u0142u w zagranicznych praktykach zawodowych przewidywany jest wyjazd do Turyngii, Niemcy. Wszystkich ch\u0119tnych do\u00a0 udzia\u0142u\" \/>\n<meta property=\"og:url\" content=\"https:\/\/zsps.poznan.pl\/index.php\/rekrutacja-do-projektu-zagranicznych-praktyk-zawodowych-na-rok-2026\/\" \/>\n<meta property=\"og:site_name\" content=\"ZESP\u00d3\u0141 SZK\u00d3\u0141 PRZEMYS\u0141U SPO\u017bYWCZEGO\" \/>\n<meta property=\"article:publisher\" content=\"https:\/\/www.facebook.com\/zsps.poznan\" \/>\n<meta property=\"article:modified_time\" content=\"2026-03-25T13:20:12+00:00\" \/>\n<meta property=\"og:image\" content=\"https:\/\/zsps.poznan.pl\/wp-content\/uploads\/2025\/03\/PL_FundedbytheEU_RGB_Monochrome-na-stronecertyfikaty-002-768x174.png\" \/>\n<meta name=\"twitter:card\" content=\"summary_large_image\" \/>\n<meta name=\"twitter:label1\" content=\"Szacowany czas czytania\" \/>\n\t<meta name=\"twitter:data1\" content=\"1 minuta\" \/>\n<script type=\"application\/ld+json\" class=\"yoast-schema-graph\">{\"@context\":\"https:\\\/\\\/schema.org\",\"@graph\":[{\"@type\":\"WebPage\",\"@id\":\"https:\\\/\\\/zsps.poznan.pl\\\/index.php\\\/rekrutacja-do-projektu-zagranicznych-praktyk-zawodowych-na-rok-2026\\\/\",\"url\":\"https:\\\/\\\/zsps.poznan.pl\\\/index.php\\\/rekrutacja-do-projektu-zagranicznych-praktyk-zawodowych-na-rok-2026\\\/\",\"name\":\"Rekrutacja do projektu zagranicznych praktyk zawodowych na rok szkolny 2025\\\/2026 - ZESP\u00d3\u0141 SZK\u00d3\u0141 PRZEMYS\u0141U SPO\u017bYWCZEGO\",\"isPartOf\":{\"@id\":\"https:\\\/\\\/zsps.poznan.pl\\\/#website\"},\"primaryImageOfPage\":{\"@id\":\"https:\\\/\\\/zsps.poznan.pl\\\/index.php\\\/rekrutacja-do-projektu-zagranicznych-praktyk-zawodowych-na-rok-2026\\\/#primaryimage\"},\"image\":{\"@id\":\"https:\\\/\\\/zsps.poznan.pl\\\/index.php\\\/rekrutacja-do-projektu-zagranicznych-praktyk-zawodowych-na-rok-2026\\\/#primaryimage\"},\"thumbnailUrl\":\"https:\\\/\\\/zsps.poznan.pl\\\/wp-content\\\/uploads\\\/2025\\\/03\\\/PL_FundedbytheEU_RGB_Monochrome-na-stronecertyfikaty-002-768x174.png\",\"datePublished\":\"2024-01-11T13:38:26+00:00\",\"dateModified\":\"2026-03-25T13:20:12+00:00\",\"breadcrumb\":{\"@id\":\"https:\\\/\\\/zsps.poznan.pl\\\/index.php\\\/rekrutacja-do-projektu-zagranicznych-praktyk-zawodowych-na-rok-2026\\\/#breadcrumb\"},\"inLanguage\":\"pl-PL\",\"potentialAction\":[{\"@type\":\"ReadAction\",\"target\":[\"https:\\\/\\\/zsps.poznan.pl\\\/index.php\\\/rekrutacja-do-projektu-zagranicznych-praktyk-zawodowych-na-rok-2026\\\/\"]}]},{\"@type\":\"ImageObject\",\"inLanguage\":\"pl-PL\",\"@id\":\"https:\\\/\\\/zsps.poznan.pl\\\/index.php\\\/rekrutacja-do-projektu-zagranicznych-praktyk-zawodowych-na-rok-2026\\\/#primaryimage\",\"url\":\"https:\\\/\\\/zsps.poznan.pl\\\/wp-content\\\/uploads\\\/2025\\\/03\\\/PL_FundedbytheEU_RGB_Monochrome-na-stronecertyfikaty-002.png\",\"contentUrl\":\"https:\\\/\\\/zsps.poznan.pl\\\/wp-content\\\/uploads\\\/2025\\\/03\\\/PL_FundedbytheEU_RGB_Monochrome-na-stronecertyfikaty-002.png\",\"width\":4050,\"height\":920},{\"@type\":\"BreadcrumbList\",\"@id\":\"https:\\\/\\\/zsps.poznan.pl\\\/index.php\\\/rekrutacja-do-projektu-zagranicznych-praktyk-zawodowych-na-rok-2026\\\/#breadcrumb\",\"itemListElement\":[{\"@type\":\"ListItem\",\"position\":1,\"name\":\"Strona g\u0142\u00f3wna\",\"item\":\"https:\\\/\\\/zsps.poznan.pl\\\/\"},{\"@type\":\"ListItem\",\"position\":2,\"name\":\"Rekrutacja do projektu zagranicznych praktyk zawodowych na rok szkolny 2025\\\/2026\"}]},{\"@type\":\"WebSite\",\"@id\":\"https:\\\/\\\/zsps.poznan.pl\\\/#website\",\"url\":\"https:\\\/\\\/zsps.poznan.pl\\\/\",\"name\":\"ZESP\u00d3\u0141 SZK\u00d3\u0141 PRZEMYS\u0141U SPO\u017bYWCZEGO\",\"description\":\"im. J. J. \u015aniadeckich w Poznaniu\",\"publisher\":{\"@id\":\"https:\\\/\\\/zsps.poznan.pl\\\/#organization\"},\"potentialAction\":[{\"@type\":\"SearchAction\",\"target\":{\"@type\":\"EntryPoint\",\"urlTemplate\":\"https:\\\/\\\/zsps.poznan.pl\\\/?s={search_term_string}\"},\"query-input\":{\"@type\":\"PropertyValueSpecification\",\"valueRequired\":true,\"valueName\":\"search_term_string\"}}],\"inLanguage\":\"pl-PL\"},{\"@type\":\"Organization\",\"@id\":\"https:\\\/\\\/zsps.poznan.pl\\\/#organization\",\"name\":\"Zesp\u00f3\u0142 Szk\u00f3\u0142 Przemys\u0142u Spo\u017cywczego\",\"url\":\"https:\\\/\\\/zsps.poznan.pl\\\/\",\"logo\":{\"@type\":\"ImageObject\",\"inLanguage\":\"pl-PL\",\"@id\":\"https:\\\/\\\/zsps.poznan.pl\\\/#\\\/schema\\\/logo\\\/image\\\/\",\"url\":\"\",\"contentUrl\":\"\",\"caption\":\"Zesp\u00f3\u0142 Szk\u00f3\u0142 Przemys\u0142u Spo\u017cywczego\"},\"image\":{\"@id\":\"https:\\\/\\\/zsps.poznan.pl\\\/#\\\/schema\\\/logo\\\/image\\\/\"},\"sameAs\":[\"https:\\\/\\\/www.facebook.com\\\/zsps.poznan\"]}]}<\/script>\n<!-- \/ Yoast SEO plugin. -->","yoast_head_json":{"title":"Rekrutacja do projektu zagranicznych praktyk zawodowych na rok szkolny 2025\/2026 - ZESP\u00d3\u0141 SZK\u00d3\u0141 PRZEMYS\u0141U SPO\u017bYWCZEGO","robots":{"index":"index","follow":"follow","max-snippet":"max-snippet:-1","max-image-preview":"max-image-preview:large","max-video-preview":"max-video-preview:-1"},"canonical":"https:\/\/zsps.poznan.pl\/index.php\/rekrutacja-do-projektu-zagranicznych-praktyk-zawodowych-na-rok-2026\/","og_locale":"pl_PL","og_type":"article","og_title":"Rekrutacja do projektu zagranicznych praktyk zawodowych na rok szkolny 2025\/2026 - ZESP\u00d3\u0141 SZK\u00d3\u0141 PRZEMYS\u0141U SPO\u017bYWCZEGO","og_description":"Drodzy Uczniowie, Z przyjemno\u015bci\u0105 informujemy, i\u017c rozpocz\u0119\u0142a si\u0119 rekrutacja do projektu &#8222;Europa na talerzu &#8211; mi\u0119dzynarodowe sta\u017ce zawodowe szans\u0105 dla uczni\u00f3w szko\u0142y .&#8221; W ramach udzia\u0142u w zagranicznych praktykach zawodowych przewidywany jest wyjazd do Turyngii, Niemcy. Wszystkich ch\u0119tnych do\u00a0 udzia\u0142u","og_url":"https:\/\/zsps.poznan.pl\/index.php\/rekrutacja-do-projektu-zagranicznych-praktyk-zawodowych-na-rok-2026\/","og_site_name":"ZESP\u00d3\u0141 SZK\u00d3\u0141 PRZEMYS\u0141U SPO\u017bYWCZEGO","article_publisher":"https:\/\/www.facebook.com\/zsps.poznan","article_modified_time":"2026-03-25T13:20:12+00:00","og_image":[{"url":"https:\/\/zsps.poznan.pl\/wp-content\/uploads\/2025\/03\/PL_FundedbytheEU_RGB_Monochrome-na-stronecertyfikaty-002-768x174.png","type":"","width":"","height":""}],"twitter_card":"summary_large_image","twitter_misc":{"Szacowany czas czytania":"1 minuta"},"schema":{"@context":"https:\/\/schema.org","@graph":[{"@type":"WebPage","@id":"https:\/\/zsps.poznan.pl\/index.php\/rekrutacja-do-projektu-zagranicznych-praktyk-zawodowych-na-rok-2026\/","url":"https:\/\/zsps.poznan.pl\/index.php\/rekrutacja-do-projektu-zagranicznych-praktyk-zawodowych-na-rok-2026\/","name":"Rekrutacja do projektu zagranicznych praktyk zawodowych na rok szkolny 2025\/2026 - ZESP\u00d3\u0141 SZK\u00d3\u0141 PRZEMYS\u0141U SPO\u017bYWCZEGO","isPartOf":{"@id":"https:\/\/zsps.poznan.pl\/#website"},"primaryImageOfPage":{"@id":"https:\/\/zsps.poznan.pl\/index.php\/rekrutacja-do-projektu-zagranicznych-praktyk-zawodowych-na-rok-2026\/#primaryimage"},"image":{"@id":"https:\/\/zsps.poznan.pl\/index.php\/rekrutacja-do-projektu-zagranicznych-praktyk-zawodowych-na-rok-2026\/#primaryimage"},"thumbnailUrl":"https:\/\/zsps.poznan.pl\/wp-content\/uploads\/2025\/03\/PL_FundedbytheEU_RGB_Monochrome-na-stronecertyfikaty-002-768x174.png","datePublished":"2024-01-11T13:38:26+00:00","dateModified":"2026-03-25T13:20:12+00:00","breadcrumb":{"@id":"https:\/\/zsps.poznan.pl\/index.php\/rekrutacja-do-projektu-zagranicznych-praktyk-zawodowych-na-rok-2026\/#breadcrumb"},"inLanguage":"pl-PL","potentialAction":[{"@type":"ReadAction","target":["https:\/\/zsps.poznan.pl\/index.php\/rekrutacja-do-projektu-zagranicznych-praktyk-zawodowych-na-rok-2026\/"]}]},{"@type":"ImageObject","inLanguage":"pl-PL","@id":"https:\/\/zsps.poznan.pl\/index.php\/rekrutacja-do-projektu-zagranicznych-praktyk-zawodowych-na-rok-2026\/#primaryimage","url":"https:\/\/zsps.poznan.pl\/wp-content\/uploads\/2025\/03\/PL_FundedbytheEU_RGB_Monochrome-na-stronecertyfikaty-002.png","contentUrl":"https:\/\/zsps.poznan.pl\/wp-content\/uploads\/2025\/03\/PL_FundedbytheEU_RGB_Monochrome-na-stronecertyfikaty-002.png","width":4050,"height":920},{"@type":"BreadcrumbList","@id":"https:\/\/zsps.poznan.pl\/index.php\/rekrutacja-do-projektu-zagranicznych-praktyk-zawodowych-na-rok-2026\/#breadcrumb","itemListElement":[{"@type":"ListItem","position":1,"name":"Strona g\u0142\u00f3wna","item":"https:\/\/zsps.poznan.pl\/"},{"@type":"ListItem","position":2,"name":"Rekrutacja do projektu zagranicznych praktyk zawodowych na rok szkolny 2025\/2026"}]},{"@type":"WebSite","@id":"https:\/\/zsps.poznan.pl\/#website","url":"https:\/\/zsps.poznan.pl\/","name":"ZESP\u00d3\u0141 SZK\u00d3\u0141 PRZEMYS\u0141U SPO\u017bYWCZEGO","description":"im. J. J. \u015aniadeckich w Poznaniu","publisher":{"@id":"https:\/\/zsps.poznan.pl\/#organization"},"potentialAction":[{"@type":"SearchAction","target":{"@type":"EntryPoint","urlTemplate":"https:\/\/zsps.poznan.pl\/?s={search_term_string}"},"query-input":{"@type":"PropertyValueSpecification","valueRequired":true,"valueName":"search_term_string"}}],"inLanguage":"pl-PL"},{"@type":"Organization","@id":"https:\/\/zsps.poznan.pl\/#organization","name":"Zesp\u00f3\u0142 Szk\u00f3\u0142 Przemys\u0142u Spo\u017cywczego","url":"https:\/\/zsps.poznan.pl\/","logo":{"@type":"ImageObject","inLanguage":"pl-PL","@id":"https:\/\/zsps.poznan.pl\/#\/schema\/logo\/image\/","url":"","contentUrl":"","caption":"Zesp\u00f3\u0142 Szk\u00f3\u0142 Przemys\u0142u Spo\u017cywczego"},"image":{"@id":"https:\/\/zsps.poznan.pl\/#\/schema\/logo\/image\/"},"sameAs":["https:\/\/www.facebook.com\/zsps.poznan"]}]}},"_links":{"self":[{"href":"https:\/\/zsps.poznan.pl\/index.php\/wp-json\/wp\/v2\/pages\/12300","targetHints":{"allow":["GET"]}}],"collection":[{"href":"https:\/\/zsps.poznan.pl\/index.php\/wp-json\/wp\/v2\/pages"}],"about":[{"href":"https:\/\/zsps.poznan.pl\/index.php\/wp-json\/wp\/v2\/types\/page"}],"author":[{"embeddable":true,"href":"https:\/\/zsps.poznan.pl\/index.php\/wp-json\/wp\/v2\/users\/9"}],"replies":[{"embeddable":true,"href":"https:\/\/zsps.poznan.pl\/index.php\/wp-json\/wp\/v2\/comments?post=12300"}],"version-history":[{"count":45,"href":"https:\/\/zsps.poznan.pl\/index.php\/wp-json\/wp\/v2\/pages\/12300\/revisions"}],"predecessor-version":[{"id":17423,"href":"https:\/\/zsps.poznan.pl\/index.php\/wp-json\/wp\/v2\/pages\/12300\/revisions\/17423"}],"wp:attachment":[{"href":"https:\/\/zsps.poznan.pl\/index.php\/wp-json\/wp\/v2\/media?parent=12300"}],"curies":[{"name":"wp","href":"https:\/\/api.w.org\/{rel}","templated":true}]}}