{"id":2646,"date":"2020-06-15T22:08:48","date_gmt":"2020-06-15T20:08:48","guid":{"rendered":"https:\/\/zsps.poznan.pl\/?page_id=2646"},"modified":"2020-06-15T22:18:14","modified_gmt":"2020-06-15T20:18:14","slug":"technik-przetworstwa-mleczarskiego","status":"publish","type":"page","link":"https:\/\/zsps.poznan.pl\/index.php\/technik-przetworstwa-mleczarskiego\/","title":{"rendered":"Technik przetw\u00f3rstwa mleczarskiego"},"content":{"rendered":"\t\t<div data-elementor-type=\"wp-page\" data-elementor-id=\"2646\" class=\"elementor elementor-2646\">\n\t\t\t\t\t\t<section class=\"elementor-section elementor-top-section elementor-element elementor-element-7c185b45 elementor-section-full_width elementor-section-height-default elementor-section-height-default\" data-id=\"7c185b45\" data-element_type=\"section\" data-e-type=\"section\">\n\t\t\t\t\t\t<div class=\"elementor-container elementor-column-gap-default\">\n\t\t\t\t\t<div class=\"elementor-column elementor-col-100 elementor-top-column elementor-element elementor-element-3091103b\" data-id=\"3091103b\" data-element_type=\"column\" data-e-type=\"column\">\n\t\t\t<div class=\"elementor-widget-wrap elementor-element-populated\">\n\t\t\t\t\t\t<div class=\"elementor-element elementor-element-289565c0 elementor-widget elementor-widget-html\" data-id=\"289565c0\" data-element_type=\"widget\" data-e-type=\"widget\" data-widget_type=\"html.default\">\n\t\t\t\t<div class=\"elementor-widget-container\">\n\t\t\t\t\t<div class=\"fos-circle\">\n    <div class=\"vertical-center\">\n        SYMBOL\n        <br>\n        CYFROWY ZAWODU\n        <br>\n        <span style=\"font-size:150%\">\n            314402\n        <\/span>\n    <\/div>\n<\/div>\n\n<table style=\"border-collapse: collapse;border:0px none\">\n    <tr class=\"fos-row1\">\n        <td class=\"fos-td1\" colspan=3>\n\t<tr class=\"fos-row2\">\n        <td class=\"fos-td1\">\n            <div class=\"fos-col\"><\/div>\n        <td class=\"fos-td2\">\n            <div class=\"fos-col\"><\/div>\n        <td class=\"fos-td3\">\n            <div class=\"fos-profession\">\n                TECHNIK PRZETW\u00d3RSTWA MLECZARSKIEGO\n            <\/div>\n    <tr class=\"fos-row1\">\n    <td class=\"fos-td1\" colspan=3>\n<\/table>\t\t\t\t<\/div>\n\t\t\t\t<\/div>\n\t\t\t\t\t<\/div>\n\t\t<\/div>\n\t\t\t\t\t<\/div>\n\t\t<\/section>\n\t\t\t\t<section class=\"elementor-section elementor-top-section elementor-element elementor-element-b4bc7a2 elementor-reverse-mobile elementor-section-full_width elementor-section-height-default elementor-section-height-default\" data-id=\"b4bc7a2\" data-element_type=\"section\" data-e-type=\"section\">\n\t\t\t\t\t\t<div class=\"elementor-container elementor-column-gap-default\">\n\t\t\t\t\t<div class=\"elementor-column elementor-col-33 elementor-top-column elementor-element elementor-element-2329f84b\" data-id=\"2329f84b\" data-element_type=\"column\" data-e-type=\"column\">\n\t\t\t<div class=\"elementor-widget-wrap elementor-element-populated\">\n\t\t\t\t\t\t<div class=\"elementor-element elementor-element-f1dcc46 elementor-widget elementor-widget-html\" data-id=\"f1dcc46\" data-element_type=\"widget\" data-e-type=\"widget\" data-widget_type=\"html.default\">\n\t\t\t\t<div class=\"elementor-widget-container\">\n\t\t\t\t\t<table class=\"fos\">\r\n\t<tr>\r\n\t\t<td class=\"fos-section\">\r\n\t\t\tKWALIFIKACJE WYODR\u0118BNIONE W&nbsp;ZAWODZIE\r\n\t\t<\/td>\r\n\t<\/tr>\r\n\t<tr>\r\n\t\t<td class=\"fos-spec\">\r\n\t\t\tSPC.02. Produkcja wyrob\u00f3w spo\u017cywczych z&nbsp;wykorzystaniem maszyn i&nbsp;urz\u0105dze\u0144\r\n\t\t<\/td>\r\n\t<\/tr>\r\n\t<tr>\r\n\t\t<td class=\"fos-spec\">\r\n\t\t\tSPC.06. Organizacja i&nbsp;nadzorowanie produkcji wyrob\u00f3w mleczarskich\r\n\t\t<\/td>\r\n\t<\/tr>\r\n<\/table>\t\t\t\t<\/div>\n\t\t\t\t<\/div>\n\t\t\t\t\t<\/div>\n\t\t<\/div>\n\t\t\t\t<div class=\"elementor-column elementor-col-66 elementor-top-column elementor-element elementor-element-756bec21\" data-id=\"756bec21\" data-element_type=\"column\" data-e-type=\"column\">\n\t\t\t<div class=\"elementor-widget-wrap elementor-element-populated\">\n\t\t\t\t\t\t<div class=\"elementor-element elementor-element-73827fc5 elementor-widget elementor-widget-html\" data-id=\"73827fc5\" data-element_type=\"widget\" data-e-type=\"widget\" data-widget_type=\"html.default\">\n\t\t\t\t<div class=\"elementor-widget-container\">\n\t\t\t\t\t<table class=\"fos\">\r\n\t<tr>\r\n\t\t<td class=\"fos-section\">OPIS ZAWODU<\/td>\r\n\t<\/tr>\r\n\t<tr>\r\n\t\t<td class=\"fos-content\">\r\n\t\t\tTechnik przetw\u00f3rstwa mleczarskiego zajmuje si\u0119 organizacj\u0105 procesu wytwarzania wyrob\u00f3w&nbsp;mleczarskich, ich produkcj\u0105 i&nbsp;magazynowaniem przy u\u017cyciu maszyn i&nbsp;urz\u0105dze\u0144. w&nbsp;procesie kszta\u0142cenia zdobywa niezb\u0119dn\u0105 wiedz\u0119 z zakresu w\u0142a\u015bciwej oceny jako\u015bciowej wyrob\u00f3w, sporz\u0105dzania nowych receptur oraz modyfikowania ju\u017c istniej\u0105cych.\r\n\t\t<\/td>\r\n\t<\/tr>\r\n\t<tr>\r\n\t\t<td class=\"fos-section\">\r\n\t\t\tKSZTA\u0141CONE UMIEJ\u0118TNO\u015aCI\r\n\t\t<\/td>\r\n\t<\/tr>\r\n\t<tr>\r\n\t\t<td class=\"fos-content\">\r\n\t\t\tTechnik przetw\u00f3rstwa mleczarskiego potrafi:\r\n\t\t\t<ul class=\"fos\">\r\n\t\t\t    <li>\r\n\t\t\t        dobiera\u0107 i&nbsp;przygotowywa\u0107 surowce, dodatki&nbsp;do \u017cywno\u015bci&nbsp;i&nbsp;materia\u0142y pomocnicze do produkcji&nbsp;wyrob\u00f3w&nbsp;mleczarskich;\r\n\t\t\t    <\/li>\r\n\t\t\t    <li>\r\n\t\t    \t    planowa\u0107, przygotowywa\u0107 i&nbsp;prowadzi\u0107 produkcj\u0119 wyrob\u00f3w&nbsp;mleczarskich zgodnie z przepisami&nbsp;prawa dotycz\u0105cymi&nbsp;produkcji&nbsp;wyrob\u00f3w&nbsp;spo\u017cywczych;\r\n\t    \t\t<\/li>\r\n\t    \t\t<li>\r\n\t    \t\t    obs\u0142ugiwa\u0107 maszyny i&nbsp;urz\u0105dzenia, \u015brodki&nbsp;transportu wewn\u0119trznego, aparatur\u0119 kontrolno-pomiarow\u0105, stosowane w&nbsp;produkcji&nbsp;wyrob\u00f3w&nbsp;spo\u017cywczych;\r\n                <\/li>\r\n                <li>\r\n\t    \t\t    monitorowa\u0107 i&nbsp;podejmowa\u0107 dzia\u0142ania koryguj\u0105ce w&nbsp;procesie produkcji&nbsp;wyrob\u00f3w&nbsp;mleczarskich pod k\u0105tem zgodno\u015bci&nbsp;z systemami&nbsp;zarz\u0105dzania jako\u015bci\u0105;\r\n\t    \t\t<\/li>\r\n    \t\t\t<li>\r\n\t    \t\t    pos\u0142ugiwa\u0107 si\u0119 dokumentacj\u0105 techniczno-technologiczn\u0105 i&nbsp;normami&nbsp;w&nbsp;produkcji&nbsp;wyrob\u00f3w&nbsp;spo\u017cywczych;\r\n\r\n                <\/li>\r\n                <li>    \r\n                    wykonywa\u0107 badania fizykochemiczne surowc\u00f3w, dodatk\u00f3w&nbsp;do \u017cywno\u015bci, materia\u0142\u00f3w&nbsp;pomocniczych, p\u00f3\u0142produkt\u00f3w&nbsp;i&nbsp;wyrob\u00f3w&nbsp;mleczarskich;\r\n    \t\t\t<\/li>\r\n\t\t\t    <li>\r\n    \t\t\t    planowa\u0107 zagospodarowanie produkt\u00f3w&nbsp;ubocznych i&nbsp;odpad\u00f3w&nbsp;poprodukcyjnych przemys\u0142u mleczarskiego.\r\n\t    \t\t<\/li>\r\n            <\/ul>\r\n        <\/td>\r\n\t<\/tr>\r\n\t<tr>\r\n\t\t<td class=\"fos-section\">\r\n\t\t\tMO\u017bLIWO\u015aCi&nbsp;ZATRUDNIENIA\r\n\t\t<\/td>\r\n\t<\/tr>\r\n\t<tr>\r\n\t\t<td class=\"fos-content\">\r\n\t\t\tTechnik przetw\u00f3rstwa mleczarskiego mo\u017ce podj\u0105\u0107 prac\u0119 w&nbsp;przedsi\u0119biorstwie zajmuj\u0105cym si\u0119 przetw\u00f3rstwem, produkcj\u0105 lub dystrybucj\u0105 produkt\u00f3w mleczarskich.\r\n\t\t<\/td>\r\n\t<\/tr>\r\n<\/table>\t\t\t\t<\/div>\n\t\t\t\t<\/div>\n\t\t\t\t\t<\/div>\n\t\t<\/div>\n\t\t\t\t\t<\/div>\n\t\t<\/section>\n\t\t\t\t<\/div>\n\t\t","protected":false},"excerpt":{"rendered":"<p>SYMBOL CYFROWY ZAWODU 314402 TECHNIK PRZETW\u00d3RSTWA MLECZARSKIEGO KWALIFIKACJE WYODR\u0118BNIONE W&nbsp;ZAWODZIE SPC.02. Produkcja wyrob\u00f3w spo\u017cywczych z&nbsp;wykorzystaniem maszyn i&nbsp;urz\u0105dze\u0144 SPC.06. Organizacja i&nbsp;nadzorowanie produkcji wyrob\u00f3w mleczarskich OPIS ZAWODU Technik przetw\u00f3rstwa mleczarskiego zajmuje si\u0119 organizacj\u0105 procesu wytwarzania wyrob\u00f3w&nbsp;mleczarskich, ich produkcj\u0105 i&nbsp;magazynowaniem przy u\u017cyciu maszyn<\/p>\n","protected":false},"author":5,"featured_media":0,"parent":0,"menu_order":0,"comment_status":"closed","ping_status":"closed","template":"","meta":{"footnotes":""},"class_list":["post-2646","page","type-page","status-publish","hentry"],"yoast_head":"<!-- This site is optimized with the Yoast SEO plugin v27.6 - https:\/\/yoast.com\/product\/yoast-seo-wordpress\/ -->\n<title>Technik przetw\u00f3rstwa mleczarskiego - ZESP\u00d3\u0141 SZK\u00d3\u0141 PRZEMYS\u0141U SPO\u017bYWCZEGO<\/title>\n<meta name=\"robots\" content=\"index, follow, max-snippet:-1, max-image-preview:large, max-video-preview:-1\" \/>\n<link rel=\"canonical\" href=\"https:\/\/zsps.poznan.pl\/index.php\/technik-przetworstwa-mleczarskiego\/\" \/>\n<meta property=\"og:locale\" content=\"pl_PL\" \/>\n<meta property=\"og:type\" content=\"article\" \/>\n<meta property=\"og:title\" content=\"Technik przetw\u00f3rstwa mleczarskiego - ZESP\u00d3\u0141 SZK\u00d3\u0141 PRZEMYS\u0141U SPO\u017bYWCZEGO\" \/>\n<meta property=\"og:description\" content=\"SYMBOL CYFROWY ZAWODU 314402 TECHNIK PRZETW\u00d3RSTWA MLECZARSKIEGO KWALIFIKACJE WYODR\u0118BNIONE W&nbsp;ZAWODZIE SPC.02. Produkcja wyrob\u00f3w spo\u017cywczych z&nbsp;wykorzystaniem maszyn i&nbsp;urz\u0105dze\u0144 SPC.06. Organizacja i&nbsp;nadzorowanie produkcji wyrob\u00f3w mleczarskich OPIS ZAWODU Technik przetw\u00f3rstwa mleczarskiego zajmuje si\u0119 organizacj\u0105 procesu wytwarzania wyrob\u00f3w&nbsp;mleczarskich, ich produkcj\u0105 i&nbsp;magazynowaniem przy u\u017cyciu maszyn\" \/>\n<meta property=\"og:url\" content=\"https:\/\/zsps.poznan.pl\/index.php\/technik-przetworstwa-mleczarskiego\/\" \/>\n<meta property=\"og:site_name\" content=\"ZESP\u00d3\u0141 SZK\u00d3\u0141 PRZEMYS\u0141U SPO\u017bYWCZEGO\" \/>\n<meta property=\"article:publisher\" content=\"https:\/\/www.facebook.com\/zsps.poznan\" \/>\n<meta property=\"article:modified_time\" content=\"2020-06-15T20:18:14+00:00\" \/>\n<meta name=\"twitter:card\" content=\"summary_large_image\" \/>\n<meta name=\"twitter:label1\" content=\"Szacowany czas czytania\" \/>\n\t<meta name=\"twitter:data1\" content=\"1 minuta\" \/>\n<script type=\"application\/ld+json\" class=\"yoast-schema-graph\">{\"@context\":\"https:\\\/\\\/schema.org\",\"@graph\":[{\"@type\":\"WebPage\",\"@id\":\"https:\\\/\\\/zsps.poznan.pl\\\/index.php\\\/technik-przetworstwa-mleczarskiego\\\/\",\"url\":\"https:\\\/\\\/zsps.poznan.pl\\\/index.php\\\/technik-przetworstwa-mleczarskiego\\\/\",\"name\":\"Technik przetw\u00f3rstwa mleczarskiego - ZESP\u00d3\u0141 SZK\u00d3\u0141 PRZEMYS\u0141U SPO\u017bYWCZEGO\",\"isPartOf\":{\"@id\":\"https:\\\/\\\/zsps.poznan.pl\\\/#website\"},\"datePublished\":\"2020-06-15T20:08:48+00:00\",\"dateModified\":\"2020-06-15T20:18:14+00:00\",\"breadcrumb\":{\"@id\":\"https:\\\/\\\/zsps.poznan.pl\\\/index.php\\\/technik-przetworstwa-mleczarskiego\\\/#breadcrumb\"},\"inLanguage\":\"pl-PL\",\"potentialAction\":[{\"@type\":\"ReadAction\",\"target\":[\"https:\\\/\\\/zsps.poznan.pl\\\/index.php\\\/technik-przetworstwa-mleczarskiego\\\/\"]}]},{\"@type\":\"BreadcrumbList\",\"@id\":\"https:\\\/\\\/zsps.poznan.pl\\\/index.php\\\/technik-przetworstwa-mleczarskiego\\\/#breadcrumb\",\"itemListElement\":[{\"@type\":\"ListItem\",\"position\":1,\"name\":\"Strona g\u0142\u00f3wna\",\"item\":\"https:\\\/\\\/zsps.poznan.pl\\\/\"},{\"@type\":\"ListItem\",\"position\":2,\"name\":\"Technik przetw\u00f3rstwa mleczarskiego\"}]},{\"@type\":\"WebSite\",\"@id\":\"https:\\\/\\\/zsps.poznan.pl\\\/#website\",\"url\":\"https:\\\/\\\/zsps.poznan.pl\\\/\",\"name\":\"ZESP\u00d3\u0141 SZK\u00d3\u0141 PRZEMYS\u0141U SPO\u017bYWCZEGO\",\"description\":\"im. J. J. \u015aniadeckich w Poznaniu\",\"publisher\":{\"@id\":\"https:\\\/\\\/zsps.poznan.pl\\\/#organization\"},\"potentialAction\":[{\"@type\":\"SearchAction\",\"target\":{\"@type\":\"EntryPoint\",\"urlTemplate\":\"https:\\\/\\\/zsps.poznan.pl\\\/?s={search_term_string}\"},\"query-input\":{\"@type\":\"PropertyValueSpecification\",\"valueRequired\":true,\"valueName\":\"search_term_string\"}}],\"inLanguage\":\"pl-PL\"},{\"@type\":\"Organization\",\"@id\":\"https:\\\/\\\/zsps.poznan.pl\\\/#organization\",\"name\":\"Zesp\u00f3\u0142 Szk\u00f3\u0142 Przemys\u0142u Spo\u017cywczego\",\"url\":\"https:\\\/\\\/zsps.poznan.pl\\\/\",\"logo\":{\"@type\":\"ImageObject\",\"inLanguage\":\"pl-PL\",\"@id\":\"https:\\\/\\\/zsps.poznan.pl\\\/#\\\/schema\\\/logo\\\/image\\\/\",\"url\":\"\",\"contentUrl\":\"\",\"caption\":\"Zesp\u00f3\u0142 Szk\u00f3\u0142 Przemys\u0142u Spo\u017cywczego\"},\"image\":{\"@id\":\"https:\\\/\\\/zsps.poznan.pl\\\/#\\\/schema\\\/logo\\\/image\\\/\"},\"sameAs\":[\"https:\\\/\\\/www.facebook.com\\\/zsps.poznan\"]}]}<\/script>\n<!-- \/ Yoast SEO plugin. -->","yoast_head_json":{"title":"Technik przetw\u00f3rstwa mleczarskiego - ZESP\u00d3\u0141 SZK\u00d3\u0141 PRZEMYS\u0141U SPO\u017bYWCZEGO","robots":{"index":"index","follow":"follow","max-snippet":"max-snippet:-1","max-image-preview":"max-image-preview:large","max-video-preview":"max-video-preview:-1"},"canonical":"https:\/\/zsps.poznan.pl\/index.php\/technik-przetworstwa-mleczarskiego\/","og_locale":"pl_PL","og_type":"article","og_title":"Technik przetw\u00f3rstwa mleczarskiego - ZESP\u00d3\u0141 SZK\u00d3\u0141 PRZEMYS\u0141U SPO\u017bYWCZEGO","og_description":"SYMBOL CYFROWY ZAWODU 314402 TECHNIK PRZETW\u00d3RSTWA MLECZARSKIEGO KWALIFIKACJE WYODR\u0118BNIONE W&nbsp;ZAWODZIE SPC.02. Produkcja wyrob\u00f3w spo\u017cywczych z&nbsp;wykorzystaniem maszyn i&nbsp;urz\u0105dze\u0144 SPC.06. Organizacja i&nbsp;nadzorowanie produkcji wyrob\u00f3w mleczarskich OPIS ZAWODU Technik przetw\u00f3rstwa mleczarskiego zajmuje si\u0119 organizacj\u0105 procesu wytwarzania wyrob\u00f3w&nbsp;mleczarskich, ich produkcj\u0105 i&nbsp;magazynowaniem przy u\u017cyciu maszyn","og_url":"https:\/\/zsps.poznan.pl\/index.php\/technik-przetworstwa-mleczarskiego\/","og_site_name":"ZESP\u00d3\u0141 SZK\u00d3\u0141 PRZEMYS\u0141U SPO\u017bYWCZEGO","article_publisher":"https:\/\/www.facebook.com\/zsps.poznan","article_modified_time":"2020-06-15T20:18:14+00:00","twitter_card":"summary_large_image","twitter_misc":{"Szacowany czas czytania":"1 minuta"},"schema":{"@context":"https:\/\/schema.org","@graph":[{"@type":"WebPage","@id":"https:\/\/zsps.poznan.pl\/index.php\/technik-przetworstwa-mleczarskiego\/","url":"https:\/\/zsps.poznan.pl\/index.php\/technik-przetworstwa-mleczarskiego\/","name":"Technik przetw\u00f3rstwa mleczarskiego - ZESP\u00d3\u0141 SZK\u00d3\u0141 PRZEMYS\u0141U SPO\u017bYWCZEGO","isPartOf":{"@id":"https:\/\/zsps.poznan.pl\/#website"},"datePublished":"2020-06-15T20:08:48+00:00","dateModified":"2020-06-15T20:18:14+00:00","breadcrumb":{"@id":"https:\/\/zsps.poznan.pl\/index.php\/technik-przetworstwa-mleczarskiego\/#breadcrumb"},"inLanguage":"pl-PL","potentialAction":[{"@type":"ReadAction","target":["https:\/\/zsps.poznan.pl\/index.php\/technik-przetworstwa-mleczarskiego\/"]}]},{"@type":"BreadcrumbList","@id":"https:\/\/zsps.poznan.pl\/index.php\/technik-przetworstwa-mleczarskiego\/#breadcrumb","itemListElement":[{"@type":"ListItem","position":1,"name":"Strona g\u0142\u00f3wna","item":"https:\/\/zsps.poznan.pl\/"},{"@type":"ListItem","position":2,"name":"Technik przetw\u00f3rstwa mleczarskiego"}]},{"@type":"WebSite","@id":"https:\/\/zsps.poznan.pl\/#website","url":"https:\/\/zsps.poznan.pl\/","name":"ZESP\u00d3\u0141 SZK\u00d3\u0141 PRZEMYS\u0141U SPO\u017bYWCZEGO","description":"im. J. J. \u015aniadeckich w Poznaniu","publisher":{"@id":"https:\/\/zsps.poznan.pl\/#organization"},"potentialAction":[{"@type":"SearchAction","target":{"@type":"EntryPoint","urlTemplate":"https:\/\/zsps.poznan.pl\/?s={search_term_string}"},"query-input":{"@type":"PropertyValueSpecification","valueRequired":true,"valueName":"search_term_string"}}],"inLanguage":"pl-PL"},{"@type":"Organization","@id":"https:\/\/zsps.poznan.pl\/#organization","name":"Zesp\u00f3\u0142 Szk\u00f3\u0142 Przemys\u0142u Spo\u017cywczego","url":"https:\/\/zsps.poznan.pl\/","logo":{"@type":"ImageObject","inLanguage":"pl-PL","@id":"https:\/\/zsps.poznan.pl\/#\/schema\/logo\/image\/","url":"","contentUrl":"","caption":"Zesp\u00f3\u0142 Szk\u00f3\u0142 Przemys\u0142u Spo\u017cywczego"},"image":{"@id":"https:\/\/zsps.poznan.pl\/#\/schema\/logo\/image\/"},"sameAs":["https:\/\/www.facebook.com\/zsps.poznan"]}]}},"_links":{"self":[{"href":"https:\/\/zsps.poznan.pl\/index.php\/wp-json\/wp\/v2\/pages\/2646","targetHints":{"allow":["GET"]}}],"collection":[{"href":"https:\/\/zsps.poznan.pl\/index.php\/wp-json\/wp\/v2\/pages"}],"about":[{"href":"https:\/\/zsps.poznan.pl\/index.php\/wp-json\/wp\/v2\/types\/page"}],"author":[{"embeddable":true,"href":"https:\/\/zsps.poznan.pl\/index.php\/wp-json\/wp\/v2\/users\/5"}],"replies":[{"embeddable":true,"href":"https:\/\/zsps.poznan.pl\/index.php\/wp-json\/wp\/v2\/comments?post=2646"}],"version-history":[{"count":2,"href":"https:\/\/zsps.poznan.pl\/index.php\/wp-json\/wp\/v2\/pages\/2646\/revisions"}],"predecessor-version":[{"id":2655,"href":"https:\/\/zsps.poznan.pl\/index.php\/wp-json\/wp\/v2\/pages\/2646\/revisions\/2655"}],"wp:attachment":[{"href":"https:\/\/zsps.poznan.pl\/index.php\/wp-json\/wp\/v2\/media?parent=2646"}],"curies":[{"name":"wp","href":"https:\/\/api.w.org\/{rel}","templated":true}]}}