{"id":2729,"date":"2020-07-07T10:52:35","date_gmt":"2020-07-07T08:52:35","guid":{"rendered":"https:\/\/zsps.poznan.pl\/?page_id=2729"},"modified":"2025-05-20T12:21:56","modified_gmt":"2025-05-20T10:21:56","slug":"branzowa-szkola-ii-stopnia-nr-2","status":"publish","type":"page","link":"https:\/\/zsps.poznan.pl\/index.php\/branzowa-szkola-ii-stopnia-nr-2\/","title":{"rendered":"Szko\u0142a Zaoczna"},"content":{"rendered":"\t\t<div data-elementor-type=\"wp-page\" data-elementor-id=\"2729\" class=\"elementor elementor-2729\">\n\t\t\t\t\t\t<section class=\"elementor-section elementor-top-section elementor-element elementor-element-cfd8cff elementor-section-full_width elementor-section-height-default elementor-section-height-default\" data-id=\"cfd8cff\" data-element_type=\"section\" data-e-type=\"section\">\n\t\t\t\t\t\t<div class=\"elementor-container elementor-column-gap-default\">\n\t\t\t\t\t<div class=\"elementor-column elementor-col-100 elementor-top-column elementor-element elementor-element-5a751c5\" data-id=\"5a751c5\" data-element_type=\"column\" data-e-type=\"column\">\n\t\t\t<div class=\"elementor-widget-wrap elementor-element-populated\">\n\t\t\t\t\t\t<div class=\"elementor-element elementor-element-1de7811 elementor-widget elementor-widget-html\" data-id=\"1de7811\" data-element_type=\"widget\" data-e-type=\"widget\" data-widget_type=\"html.default\">\n\t\t\t\t<div class=\"elementor-widget-container\">\n\t\t\t\t\t<p class=\"subhead\">\r\n    Dla kogo ta szko\u0142a?\r\n<\/p>\r\n<p>\r\n    Do Bran\u017cowej Szko\u0142y II stopnia nr&nbsp;2 mog\u0105 ucz\u0119szcza\u0107 absolwenci Bran\u017cowej Szko\u0142y I&nbsp;stopnia.\r\n<\/p>\r\n<p class=\"subhead\">\r\n    Jak przebiega proces nauki?\r\n<\/p>\r\n<p class=\"content\">    \r\n    Nauka w&nbsp; Bran\u017cowej Szkole II stopnia nr 2 trwa 2 lata, a&nbsp;zaj\u0119cia odbywaj\u0105 si\u0119 w&nbsp;trybie zaocznym, czyli w&nbsp;pi\u0105tek popo\u0142udniu oraz sobot\u0119.\r\n<\/p>\r\n<p class=\"subhead\">\r\n    Jakie otrzymasz wykszta\u0142cenie?\r\n<\/p>\r\n<p class=\"content\">\r\n    Uko\u0144czenie szko\u0142y daje wykszta\u0142cenie \u015brednie. Po zdaniu egzaminu maturalnego, absolwent otrzymuje \u015bwiadectwo maturalne. Jednocze\u015bnie <strong>zdobywasz wiedz\u0119 i umiej\u0119tno\u015bci, kt\u00f3re pozwalaj\u0105 na uzyskanie tytu\u0142u technika<\/strong>.\r\n<\/p>\r\n<p class=\"subhead\">\r\n    Jakich b\u0119dziesz uczy\u0142 si\u0119 przedmiot\u00f3w?\r\n<\/p>\r\n<p class=\"content\">\r\n    W&nbsp;procesie kszta\u0142cenia s\u0142uchacze uzyskuj\u0105 wiedz\u0119 w&nbsp;zakresie przedmiot\u00f3w og\u00f3lnokszta\u0142c\u0105cych oraz zawodowych.  Przedmioty realizowane b\u0119d\u0105 na poziomie podstawowym i&nbsp;rozszerzonym.\r\n<\/p>\r\n<p class=\"subhead\">\r\n    Co b\u0119dziesz umia\u0142?\r\n<\/p>\r\n<p class=\"content\">\r\n    W&nbsp;toku kszta\u0142cenia s\u0142uchacz nab\u0119dzie wiadomo\u015bci i&nbsp;umiej\u0119tno\u015bci niezb\u0119dne do zdania egzaminu maturalnego oraz egzaminu potwierdzaj\u0105cego kwalifikacje w zawodzie technik technologii \u017cywno\u015bci lub technik \u017cywienia i us\u0142ug gastronomicznych.\r\n<\/p>\r\n<p class=\"content\">\r\n    Gwarantujemy s\u0142uchaczom Bran\u017cowej Szko\u0142y II stopnia nr 2 dzia\u0142aj\u0105cej przy Zespole Szk\u00f3\u0142 Przemys\u0142u Spo\u017cywczego dostosowanie zaj\u0119\u0107 tak, aby mogli jednocze\u015bnie uzyska\u0107 wykszta\u0142cenie \u015brednie i&nbsp;tytu\u0142 technika.\r\n<\/p>\r\n<p class=\"subhead\">\r\n    Co musisz zrobi\u0107, aby rozpocz\u0105\u0107 nauk\u0119?\r\n<\/p>\r\n<p class=\"content\">\r\n    Wystarczy, \u017ce dostarczysz do szko\u0142y w terminie od 27 czerwca do 14 sierpnia 2025r.:\r\n<\/p>\r\n<ul class=\"list\">\r\n    <li>\r\n        <a class=\"subsubhead\" href=\"\/wp-content\/uploads\/2025\/05\/podanie_zaoczna_2025.pdf\">podanie o przyj\u0119cie do szko\u0142y<\/a>\r\n    <\/li>\r\n    <li>\r\n        \u015bwiadectwo uko\u0144czenia Bran\u017cowej Szko\u0142y I stopnia\r\n    <\/li>\r\n    <li>\r\n        2 fotografie\r\n    <\/li>\r\n<\/ul>\r\n\r\n<\/p>\t\t\t\t<\/div>\n\t\t\t\t<\/div>\n\t\t\t\t\t<\/div>\n\t\t<\/div>\n\t\t\t\t\t<\/div>\n\t\t<\/section>\n\t\t\t\t<\/div>\n\t\t","protected":false},"excerpt":{"rendered":"<p>Dla kogo ta szko\u0142a? Do Bran\u017cowej Szko\u0142y II stopnia nr&nbsp;2 mog\u0105 ucz\u0119szcza\u0107 absolwenci Bran\u017cowej Szko\u0142y I&nbsp;stopnia. Jak przebiega proces nauki? Nauka w&nbsp; Bran\u017cowej Szkole II stopnia nr 2 trwa 2 lata, a&nbsp;zaj\u0119cia odbywaj\u0105 si\u0119 w&nbsp;trybie zaocznym, czyli w&nbsp;pi\u0105tek popo\u0142udniu oraz<\/p>\n","protected":false},"author":5,"featured_media":0,"parent":0,"menu_order":0,"comment_status":"closed","ping_status":"closed","template":"","meta":{"footnotes":""},"class_list":["post-2729","page","type-page","status-publish","hentry"],"yoast_head":"<!-- This site is optimized with the Yoast SEO plugin v27.5 - https:\/\/yoast.com\/product\/yoast-seo-wordpress\/ -->\n<title>Szko\u0142a Zaoczna - ZESP\u00d3\u0141 SZK\u00d3\u0141 PRZEMYS\u0141U SPO\u017bYWCZEGO<\/title>\n<meta name=\"robots\" content=\"index, follow, max-snippet:-1, max-image-preview:large, max-video-preview:-1\" \/>\n<link rel=\"canonical\" href=\"https:\/\/zsps.poznan.pl\/index.php\/branzowa-szkola-ii-stopnia-nr-2\/\" \/>\n<meta property=\"og:locale\" content=\"pl_PL\" \/>\n<meta property=\"og:type\" content=\"article\" \/>\n<meta property=\"og:title\" content=\"Szko\u0142a Zaoczna - ZESP\u00d3\u0141 SZK\u00d3\u0141 PRZEMYS\u0141U SPO\u017bYWCZEGO\" \/>\n<meta property=\"og:description\" content=\"Dla kogo ta szko\u0142a? Do Bran\u017cowej Szko\u0142y II stopnia nr&nbsp;2 mog\u0105 ucz\u0119szcza\u0107 absolwenci Bran\u017cowej Szko\u0142y I&nbsp;stopnia. Jak przebiega proces nauki? Nauka w&nbsp; Bran\u017cowej Szkole II stopnia nr 2 trwa 2 lata, a&nbsp;zaj\u0119cia odbywaj\u0105 si\u0119 w&nbsp;trybie zaocznym, czyli w&nbsp;pi\u0105tek popo\u0142udniu oraz\" \/>\n<meta property=\"og:url\" content=\"https:\/\/zsps.poznan.pl\/index.php\/branzowa-szkola-ii-stopnia-nr-2\/\" \/>\n<meta property=\"og:site_name\" content=\"ZESP\u00d3\u0141 SZK\u00d3\u0141 PRZEMYS\u0141U SPO\u017bYWCZEGO\" \/>\n<meta property=\"article:publisher\" content=\"https:\/\/www.facebook.com\/zsps.poznan\" \/>\n<meta property=\"article:modified_time\" content=\"2025-05-20T10:21:56+00:00\" \/>\n<meta name=\"twitter:card\" content=\"summary_large_image\" \/>\n<meta name=\"twitter:label1\" content=\"Szacowany czas czytania\" \/>\n\t<meta name=\"twitter:data1\" content=\"1 minuta\" \/>\n<script type=\"application\/ld+json\" class=\"yoast-schema-graph\">{\"@context\":\"https:\\\/\\\/schema.org\",\"@graph\":[{\"@type\":\"WebPage\",\"@id\":\"https:\\\/\\\/zsps.poznan.pl\\\/index.php\\\/branzowa-szkola-ii-stopnia-nr-2\\\/\",\"url\":\"https:\\\/\\\/zsps.poznan.pl\\\/index.php\\\/branzowa-szkola-ii-stopnia-nr-2\\\/\",\"name\":\"Szko\u0142a Zaoczna - ZESP\u00d3\u0141 SZK\u00d3\u0141 PRZEMYS\u0141U SPO\u017bYWCZEGO\",\"isPartOf\":{\"@id\":\"https:\\\/\\\/zsps.poznan.pl\\\/#website\"},\"datePublished\":\"2020-07-07T08:52:35+00:00\",\"dateModified\":\"2025-05-20T10:21:56+00:00\",\"breadcrumb\":{\"@id\":\"https:\\\/\\\/zsps.poznan.pl\\\/index.php\\\/branzowa-szkola-ii-stopnia-nr-2\\\/#breadcrumb\"},\"inLanguage\":\"pl-PL\",\"potentialAction\":[{\"@type\":\"ReadAction\",\"target\":[\"https:\\\/\\\/zsps.poznan.pl\\\/index.php\\\/branzowa-szkola-ii-stopnia-nr-2\\\/\"]}]},{\"@type\":\"BreadcrumbList\",\"@id\":\"https:\\\/\\\/zsps.poznan.pl\\\/index.php\\\/branzowa-szkola-ii-stopnia-nr-2\\\/#breadcrumb\",\"itemListElement\":[{\"@type\":\"ListItem\",\"position\":1,\"name\":\"Strona g\u0142\u00f3wna\",\"item\":\"https:\\\/\\\/zsps.poznan.pl\\\/\"},{\"@type\":\"ListItem\",\"position\":2,\"name\":\"Szko\u0142a Zaoczna\"}]},{\"@type\":\"WebSite\",\"@id\":\"https:\\\/\\\/zsps.poznan.pl\\\/#website\",\"url\":\"https:\\\/\\\/zsps.poznan.pl\\\/\",\"name\":\"ZESP\u00d3\u0141 SZK\u00d3\u0141 PRZEMYS\u0141U SPO\u017bYWCZEGO\",\"description\":\"im. J. J. \u015aniadeckich w Poznaniu\",\"publisher\":{\"@id\":\"https:\\\/\\\/zsps.poznan.pl\\\/#organization\"},\"potentialAction\":[{\"@type\":\"SearchAction\",\"target\":{\"@type\":\"EntryPoint\",\"urlTemplate\":\"https:\\\/\\\/zsps.poznan.pl\\\/?s={search_term_string}\"},\"query-input\":{\"@type\":\"PropertyValueSpecification\",\"valueRequired\":true,\"valueName\":\"search_term_string\"}}],\"inLanguage\":\"pl-PL\"},{\"@type\":\"Organization\",\"@id\":\"https:\\\/\\\/zsps.poznan.pl\\\/#organization\",\"name\":\"Zesp\u00f3\u0142 Szk\u00f3\u0142 Przemys\u0142u Spo\u017cywczego\",\"url\":\"https:\\\/\\\/zsps.poznan.pl\\\/\",\"logo\":{\"@type\":\"ImageObject\",\"inLanguage\":\"pl-PL\",\"@id\":\"https:\\\/\\\/zsps.poznan.pl\\\/#\\\/schema\\\/logo\\\/image\\\/\",\"url\":\"\",\"contentUrl\":\"\",\"caption\":\"Zesp\u00f3\u0142 Szk\u00f3\u0142 Przemys\u0142u Spo\u017cywczego\"},\"image\":{\"@id\":\"https:\\\/\\\/zsps.poznan.pl\\\/#\\\/schema\\\/logo\\\/image\\\/\"},\"sameAs\":[\"https:\\\/\\\/www.facebook.com\\\/zsps.poznan\"]}]}<\/script>\n<!-- \/ Yoast SEO plugin. -->","yoast_head_json":{"title":"Szko\u0142a Zaoczna - ZESP\u00d3\u0141 SZK\u00d3\u0141 PRZEMYS\u0141U SPO\u017bYWCZEGO","robots":{"index":"index","follow":"follow","max-snippet":"max-snippet:-1","max-image-preview":"max-image-preview:large","max-video-preview":"max-video-preview:-1"},"canonical":"https:\/\/zsps.poznan.pl\/index.php\/branzowa-szkola-ii-stopnia-nr-2\/","og_locale":"pl_PL","og_type":"article","og_title":"Szko\u0142a Zaoczna - ZESP\u00d3\u0141 SZK\u00d3\u0141 PRZEMYS\u0141U SPO\u017bYWCZEGO","og_description":"Dla kogo ta szko\u0142a? Do Bran\u017cowej Szko\u0142y II stopnia nr&nbsp;2 mog\u0105 ucz\u0119szcza\u0107 absolwenci Bran\u017cowej Szko\u0142y I&nbsp;stopnia. Jak przebiega proces nauki? Nauka w&nbsp; Bran\u017cowej Szkole II stopnia nr 2 trwa 2 lata, a&nbsp;zaj\u0119cia odbywaj\u0105 si\u0119 w&nbsp;trybie zaocznym, czyli w&nbsp;pi\u0105tek popo\u0142udniu oraz","og_url":"https:\/\/zsps.poznan.pl\/index.php\/branzowa-szkola-ii-stopnia-nr-2\/","og_site_name":"ZESP\u00d3\u0141 SZK\u00d3\u0141 PRZEMYS\u0141U SPO\u017bYWCZEGO","article_publisher":"https:\/\/www.facebook.com\/zsps.poznan","article_modified_time":"2025-05-20T10:21:56+00:00","twitter_card":"summary_large_image","twitter_misc":{"Szacowany czas czytania":"1 minuta"},"schema":{"@context":"https:\/\/schema.org","@graph":[{"@type":"WebPage","@id":"https:\/\/zsps.poznan.pl\/index.php\/branzowa-szkola-ii-stopnia-nr-2\/","url":"https:\/\/zsps.poznan.pl\/index.php\/branzowa-szkola-ii-stopnia-nr-2\/","name":"Szko\u0142a Zaoczna - ZESP\u00d3\u0141 SZK\u00d3\u0141 PRZEMYS\u0141U SPO\u017bYWCZEGO","isPartOf":{"@id":"https:\/\/zsps.poznan.pl\/#website"},"datePublished":"2020-07-07T08:52:35+00:00","dateModified":"2025-05-20T10:21:56+00:00","breadcrumb":{"@id":"https:\/\/zsps.poznan.pl\/index.php\/branzowa-szkola-ii-stopnia-nr-2\/#breadcrumb"},"inLanguage":"pl-PL","potentialAction":[{"@type":"ReadAction","target":["https:\/\/zsps.poznan.pl\/index.php\/branzowa-szkola-ii-stopnia-nr-2\/"]}]},{"@type":"BreadcrumbList","@id":"https:\/\/zsps.poznan.pl\/index.php\/branzowa-szkola-ii-stopnia-nr-2\/#breadcrumb","itemListElement":[{"@type":"ListItem","position":1,"name":"Strona g\u0142\u00f3wna","item":"https:\/\/zsps.poznan.pl\/"},{"@type":"ListItem","position":2,"name":"Szko\u0142a Zaoczna"}]},{"@type":"WebSite","@id":"https:\/\/zsps.poznan.pl\/#website","url":"https:\/\/zsps.poznan.pl\/","name":"ZESP\u00d3\u0141 SZK\u00d3\u0141 PRZEMYS\u0141U SPO\u017bYWCZEGO","description":"im. J. J. \u015aniadeckich w Poznaniu","publisher":{"@id":"https:\/\/zsps.poznan.pl\/#organization"},"potentialAction":[{"@type":"SearchAction","target":{"@type":"EntryPoint","urlTemplate":"https:\/\/zsps.poznan.pl\/?s={search_term_string}"},"query-input":{"@type":"PropertyValueSpecification","valueRequired":true,"valueName":"search_term_string"}}],"inLanguage":"pl-PL"},{"@type":"Organization","@id":"https:\/\/zsps.poznan.pl\/#organization","name":"Zesp\u00f3\u0142 Szk\u00f3\u0142 Przemys\u0142u Spo\u017cywczego","url":"https:\/\/zsps.poznan.pl\/","logo":{"@type":"ImageObject","inLanguage":"pl-PL","@id":"https:\/\/zsps.poznan.pl\/#\/schema\/logo\/image\/","url":"","contentUrl":"","caption":"Zesp\u00f3\u0142 Szk\u00f3\u0142 Przemys\u0142u Spo\u017cywczego"},"image":{"@id":"https:\/\/zsps.poznan.pl\/#\/schema\/logo\/image\/"},"sameAs":["https:\/\/www.facebook.com\/zsps.poznan"]}]}},"_links":{"self":[{"href":"https:\/\/zsps.poznan.pl\/index.php\/wp-json\/wp\/v2\/pages\/2729","targetHints":{"allow":["GET"]}}],"collection":[{"href":"https:\/\/zsps.poznan.pl\/index.php\/wp-json\/wp\/v2\/pages"}],"about":[{"href":"https:\/\/zsps.poznan.pl\/index.php\/wp-json\/wp\/v2\/types\/page"}],"author":[{"embeddable":true,"href":"https:\/\/zsps.poznan.pl\/index.php\/wp-json\/wp\/v2\/users\/5"}],"replies":[{"embeddable":true,"href":"https:\/\/zsps.poznan.pl\/index.php\/wp-json\/wp\/v2\/comments?post=2729"}],"version-history":[{"count":26,"href":"https:\/\/zsps.poznan.pl\/index.php\/wp-json\/wp\/v2\/pages\/2729\/revisions"}],"predecessor-version":[{"id":16079,"href":"https:\/\/zsps.poznan.pl\/index.php\/wp-json\/wp\/v2\/pages\/2729\/revisions\/16079"}],"wp:attachment":[{"href":"https:\/\/zsps.poznan.pl\/index.php\/wp-json\/wp\/v2\/media?parent=2729"}],"curies":[{"name":"wp","href":"https:\/\/api.w.org\/{rel}","templated":true}]}}