{"id":40,"date":"2020-03-18T22:00:07","date_gmt":"2020-03-18T21:00:07","guid":{"rendered":"https:\/\/zsps.poznan.pl\/wp\/?page_id=40"},"modified":"2026-03-03T07:30:47","modified_gmt":"2026-03-03T06:30:47","slug":"kontakt-i-dojazdy","status":"publish","type":"page","link":"https:\/\/zsps.poznan.pl\/index.php\/kontakt-i-dojazdy\/","title":{"rendered":"Kontakt i dojazdy"},"content":{"rendered":"\t\t<div data-elementor-type=\"wp-page\" data-elementor-id=\"40\" class=\"elementor elementor-40\">\n\t\t\t\t\t\t<section class=\"elementor-section elementor-top-section elementor-element elementor-element-5c973f4 elementor-section-boxed elementor-section-height-default elementor-section-height-default\" data-id=\"5c973f4\" data-element_type=\"section\" data-e-type=\"section\">\n\t\t\t\t\t\t<div class=\"elementor-container elementor-column-gap-default\">\n\t\t\t\t\t<div class=\"elementor-column elementor-col-50 elementor-top-column elementor-element elementor-element-e5269c3\" data-id=\"e5269c3\" data-element_type=\"column\" data-e-type=\"column\">\n\t\t\t<div class=\"elementor-widget-wrap elementor-element-populated\">\n\t\t\t\t\t\t<div class=\"elementor-element elementor-element-b8d552c elementor-widget elementor-widget-html\" data-id=\"b8d552c\" data-element_type=\"widget\" data-e-type=\"widget\" data-widget_type=\"html.default\">\n\t\t\t\t<div class=\"elementor-widget-container\">\n\t\t\t\t\t<p class=\"contact\">\r\n        <strong>\r\n            Zesp\u00f3\u0142 Szk\u00f3\u0142 Przemys\u0142u Spo\u017cywczego\r\n        <\/strong>\r\n<\/p>\r\n<p class=\"contact\">\r\n    im. J.J. \u015aniadeckich\r\n<\/p>\r\n<p class=\"contact\">\r\n    ul. Warzywna 19\r\n<\/p>\r\n<p class=\"contact\">\r\n    61-658 Pozna\u0144\r\n<\/p>\r\n<p><\/p>\r\n<p class=\"contact\">\r\n    tel.: <strong>61 820 00 91,  61 820 01 07, 61 825 02 40<\/strong>\r\n<\/p>\r\n<p class=\"contact\">\r\n    tel. kom.: <strong>+48 452 363 713<\/strong>\r\n<\/p>\r\n<p class=\"contact\">\r\n    tel. rekrutacja :<strong> +48 452 446 335<\/strong>\r\n<\/p>\r\n<p class=\"contact\">\r\n    REGON: <strong>000255326<\/strong>, NIP: <strong>2090001440<\/strong>\r\n<p class=\"contact\">\r\n    e-mail: <strong>sekretariat@zsps.poznan.pl<\/strong>\r\n<p><\/p>\r\n<p class=\"contact\">\r\n    Inspektor Ochrony Danych: Katarzyna P\u0119dzich-Nowak\r\n    <p><\/p>e-mail: <strong>iod_mjo@um.poznan.pl<\/strong>\r\n<p><\/p>\r\n<p class=\"contact\">\r\n    <strong>Komunikacja miejska:<\/strong>\r\n<\/p>\r\n<ul class=\"list\">\r\n    <li>\r\n        5 minut od przystank\u00f3w linii tramwajowych: <strong>3, 10 <\/strong>oraz autobusowych: <strong>169, 182, 190<\/strong>\r\n    <\/li>\r\n    <li>\r\n        10 minut od przystank\u00f3w linii tramwajowych <strong>PST<\/strong>: <strong>12, 14, 15, 16<\/strong> oraz autobusowych: <strong>168, 171<\/strong>\r\n    <\/li>\r\n<\/ul>\r\n<a href=\"https:\/\/jakdojade.pl\/poznan\/trasa\/?tn=Zesp%C3%B3%C5%82%20Szk%C3%B3%C5%82%20Przemys%C5%82u%20Spo%C5%BCywczego&amp;tc=52.428242:16.927781\">Link do nawigacji w Jakdojade.pl<\/a>\t\t\t\t<\/div>\n\t\t\t\t<\/div>\n\t\t\t\t\t<\/div>\n\t\t<\/div>\n\t\t\t\t<div class=\"elementor-column elementor-col-50 elementor-top-column elementor-element elementor-element-be29520\" data-id=\"be29520\" data-element_type=\"column\" data-e-type=\"column\">\n\t\t\t<div class=\"elementor-widget-wrap elementor-element-populated\">\n\t\t\t\t\t\t<div class=\"elementor-element elementor-element-1041aca elementor-widget elementor-widget-html\" data-id=\"1041aca\" data-element_type=\"widget\" data-e-type=\"widget\" data-widget_type=\"html.default\">\n\t\t\t\t<div class=\"elementor-widget-container\">\n\t\t\t\t\t<iframe src=\"https:\/\/maps.google.com\/maps?q=Warzywna%2019%2C%20Pozna%C5%84+(Zesp%C3%B3%C5%82%20Szk%C3%B3%C5%82%20Przemys%C5%82u%20Spo%C5%BCywczego)&amp;t=h&amp;z=16&amp;output=embed\"  width=\"600\" height=\"400\" frameborder=\"0\" scrolling=\"no\" marginheight=\"0\" marginwidth=\"0\"><\/iframe>\t\t\t\t<\/div>\n\t\t\t\t<\/div>\n\t\t\t\t\t<\/div>\n\t\t<\/div>\n\t\t\t\t\t<\/div>\n\t\t<\/section>\n\t\t\t\t<\/div>\n\t\t","protected":false},"excerpt":{"rendered":"<p>Zesp\u00f3\u0142 Szk\u00f3\u0142 Przemys\u0142u Spo\u017cywczego im. J.J. \u015aniadeckich ul. Warzywna 19 61-658 Pozna\u0144 tel.: 61 820 00 91, 61 820 01 07, 61 825 02 40 tel. kom.: +48 452 363 713 tel. rekrutacja : +48 452 446 335 REGON: 000255326,<\/p>\n","protected":false},"author":5,"featured_media":0,"parent":0,"menu_order":0,"comment_status":"closed","ping_status":"closed","template":"","meta":{"footnotes":""},"class_list":["post-40","page","type-page","status-publish","hentry"],"yoast_head":"<!-- This site is optimized with the Yoast SEO plugin v27.5 - https:\/\/yoast.com\/product\/yoast-seo-wordpress\/ -->\n<title>Kontakt i dojazdy - ZESP\u00d3\u0141 SZK\u00d3\u0141 PRZEMYS\u0141U SPO\u017bYWCZEGO<\/title>\n<meta name=\"description\" content=\"Warzywna 19, 61-658 Pozna\u0144 | tel. 61 820 00 91 | e-mail: office@zsps.poznan.pl | Tramwaje: 3, 4, 10, 12, 14, 15, 16, autobusy 168, 169, 171, 182, 190.\" \/>\n<meta name=\"robots\" content=\"index, follow, max-snippet:-1, max-image-preview:large, max-video-preview:-1\" \/>\n<link rel=\"canonical\" href=\"https:\/\/zsps.poznan.pl\/index.php\/kontakt-i-dojazdy\/\" \/>\n<meta property=\"og:locale\" content=\"pl_PL\" \/>\n<meta property=\"og:type\" content=\"article\" \/>\n<meta property=\"og:title\" content=\"Kontakt i dojazdy - ZESP\u00d3\u0141 SZK\u00d3\u0141 PRZEMYS\u0141U SPO\u017bYWCZEGO\" \/>\n<meta property=\"og:description\" content=\"Warzywna 19, 61-658 Pozna\u0144 | tel. 61 820 00 91 | e-mail: office@zsps.poznan.pl | Tramwaje: 3, 4, 10, 12, 14, 15, 16, autobusy 168, 169, 171, 182, 190.\" \/>\n<meta property=\"og:url\" content=\"https:\/\/zsps.poznan.pl\/index.php\/kontakt-i-dojazdy\/\" \/>\n<meta property=\"og:site_name\" content=\"ZESP\u00d3\u0141 SZK\u00d3\u0141 PRZEMYS\u0141U SPO\u017bYWCZEGO\" \/>\n<meta property=\"article:publisher\" content=\"https:\/\/www.facebook.com\/zsps.poznan\" \/>\n<meta property=\"article:modified_time\" content=\"2026-03-03T06:30:47+00:00\" \/>\n<meta name=\"twitter:card\" content=\"summary_large_image\" \/>\n<meta name=\"twitter:label1\" content=\"Szacowany czas czytania\" \/>\n\t<meta name=\"twitter:data1\" content=\"1 minuta\" \/>\n<script type=\"application\/ld+json\" class=\"yoast-schema-graph\">{\"@context\":\"https:\\\/\\\/schema.org\",\"@graph\":[{\"@type\":\"WebPage\",\"@id\":\"https:\\\/\\\/zsps.poznan.pl\\\/index.php\\\/kontakt-i-dojazdy\\\/\",\"url\":\"https:\\\/\\\/zsps.poznan.pl\\\/index.php\\\/kontakt-i-dojazdy\\\/\",\"name\":\"Kontakt i dojazdy - ZESP\u00d3\u0141 SZK\u00d3\u0141 PRZEMYS\u0141U SPO\u017bYWCZEGO\",\"isPartOf\":{\"@id\":\"https:\\\/\\\/zsps.poznan.pl\\\/#website\"},\"datePublished\":\"2020-03-18T21:00:07+00:00\",\"dateModified\":\"2026-03-03T06:30:47+00:00\",\"description\":\"Warzywna 19, 61-658 Pozna\u0144 | tel. 61 820 00 91 | e-mail: office@zsps.poznan.pl | Tramwaje: 3, 4, 10, 12, 14, 15, 16, autobusy 168, 169, 171, 182, 190.\",\"breadcrumb\":{\"@id\":\"https:\\\/\\\/zsps.poznan.pl\\\/index.php\\\/kontakt-i-dojazdy\\\/#breadcrumb\"},\"inLanguage\":\"pl-PL\",\"potentialAction\":[{\"@type\":\"ReadAction\",\"target\":[\"https:\\\/\\\/zsps.poznan.pl\\\/index.php\\\/kontakt-i-dojazdy\\\/\"]}]},{\"@type\":\"BreadcrumbList\",\"@id\":\"https:\\\/\\\/zsps.poznan.pl\\\/index.php\\\/kontakt-i-dojazdy\\\/#breadcrumb\",\"itemListElement\":[{\"@type\":\"ListItem\",\"position\":1,\"name\":\"Strona g\u0142\u00f3wna\",\"item\":\"https:\\\/\\\/zsps.poznan.pl\\\/\"},{\"@type\":\"ListItem\",\"position\":2,\"name\":\"Kontakt i dojazdy\"}]},{\"@type\":\"WebSite\",\"@id\":\"https:\\\/\\\/zsps.poznan.pl\\\/#website\",\"url\":\"https:\\\/\\\/zsps.poznan.pl\\\/\",\"name\":\"ZESP\u00d3\u0141 SZK\u00d3\u0141 PRZEMYS\u0141U SPO\u017bYWCZEGO\",\"description\":\"im. J. J. \u015aniadeckich w Poznaniu\",\"publisher\":{\"@id\":\"https:\\\/\\\/zsps.poznan.pl\\\/#organization\"},\"potentialAction\":[{\"@type\":\"SearchAction\",\"target\":{\"@type\":\"EntryPoint\",\"urlTemplate\":\"https:\\\/\\\/zsps.poznan.pl\\\/?s={search_term_string}\"},\"query-input\":{\"@type\":\"PropertyValueSpecification\",\"valueRequired\":true,\"valueName\":\"search_term_string\"}}],\"inLanguage\":\"pl-PL\"},{\"@type\":\"Organization\",\"@id\":\"https:\\\/\\\/zsps.poznan.pl\\\/#organization\",\"name\":\"Zesp\u00f3\u0142 Szk\u00f3\u0142 Przemys\u0142u Spo\u017cywczego\",\"url\":\"https:\\\/\\\/zsps.poznan.pl\\\/\",\"logo\":{\"@type\":\"ImageObject\",\"inLanguage\":\"pl-PL\",\"@id\":\"https:\\\/\\\/zsps.poznan.pl\\\/#\\\/schema\\\/logo\\\/image\\\/\",\"url\":\"\",\"contentUrl\":\"\",\"caption\":\"Zesp\u00f3\u0142 Szk\u00f3\u0142 Przemys\u0142u Spo\u017cywczego\"},\"image\":{\"@id\":\"https:\\\/\\\/zsps.poznan.pl\\\/#\\\/schema\\\/logo\\\/image\\\/\"},\"sameAs\":[\"https:\\\/\\\/www.facebook.com\\\/zsps.poznan\"]}]}<\/script>\n<!-- \/ Yoast SEO plugin. -->","yoast_head_json":{"title":"Kontakt i dojazdy - ZESP\u00d3\u0141 SZK\u00d3\u0141 PRZEMYS\u0141U SPO\u017bYWCZEGO","description":"Warzywna 19, 61-658 Pozna\u0144 | tel. 61 820 00 91 | e-mail: office@zsps.poznan.pl | Tramwaje: 3, 4, 10, 12, 14, 15, 16, autobusy 168, 169, 171, 182, 190.","robots":{"index":"index","follow":"follow","max-snippet":"max-snippet:-1","max-image-preview":"max-image-preview:large","max-video-preview":"max-video-preview:-1"},"canonical":"https:\/\/zsps.poznan.pl\/index.php\/kontakt-i-dojazdy\/","og_locale":"pl_PL","og_type":"article","og_title":"Kontakt i dojazdy - ZESP\u00d3\u0141 SZK\u00d3\u0141 PRZEMYS\u0141U SPO\u017bYWCZEGO","og_description":"Warzywna 19, 61-658 Pozna\u0144 | tel. 61 820 00 91 | e-mail: office@zsps.poznan.pl | Tramwaje: 3, 4, 10, 12, 14, 15, 16, autobusy 168, 169, 171, 182, 190.","og_url":"https:\/\/zsps.poznan.pl\/index.php\/kontakt-i-dojazdy\/","og_site_name":"ZESP\u00d3\u0141 SZK\u00d3\u0141 PRZEMYS\u0141U SPO\u017bYWCZEGO","article_publisher":"https:\/\/www.facebook.com\/zsps.poznan","article_modified_time":"2026-03-03T06:30:47+00:00","twitter_card":"summary_large_image","twitter_misc":{"Szacowany czas czytania":"1 minuta"},"schema":{"@context":"https:\/\/schema.org","@graph":[{"@type":"WebPage","@id":"https:\/\/zsps.poznan.pl\/index.php\/kontakt-i-dojazdy\/","url":"https:\/\/zsps.poznan.pl\/index.php\/kontakt-i-dojazdy\/","name":"Kontakt i dojazdy - ZESP\u00d3\u0141 SZK\u00d3\u0141 PRZEMYS\u0141U SPO\u017bYWCZEGO","isPartOf":{"@id":"https:\/\/zsps.poznan.pl\/#website"},"datePublished":"2020-03-18T21:00:07+00:00","dateModified":"2026-03-03T06:30:47+00:00","description":"Warzywna 19, 61-658 Pozna\u0144 | tel. 61 820 00 91 | e-mail: office@zsps.poznan.pl | Tramwaje: 3, 4, 10, 12, 14, 15, 16, autobusy 168, 169, 171, 182, 190.","breadcrumb":{"@id":"https:\/\/zsps.poznan.pl\/index.php\/kontakt-i-dojazdy\/#breadcrumb"},"inLanguage":"pl-PL","potentialAction":[{"@type":"ReadAction","target":["https:\/\/zsps.poznan.pl\/index.php\/kontakt-i-dojazdy\/"]}]},{"@type":"BreadcrumbList","@id":"https:\/\/zsps.poznan.pl\/index.php\/kontakt-i-dojazdy\/#breadcrumb","itemListElement":[{"@type":"ListItem","position":1,"name":"Strona g\u0142\u00f3wna","item":"https:\/\/zsps.poznan.pl\/"},{"@type":"ListItem","position":2,"name":"Kontakt i dojazdy"}]},{"@type":"WebSite","@id":"https:\/\/zsps.poznan.pl\/#website","url":"https:\/\/zsps.poznan.pl\/","name":"ZESP\u00d3\u0141 SZK\u00d3\u0141 PRZEMYS\u0141U SPO\u017bYWCZEGO","description":"im. J. J. \u015aniadeckich w Poznaniu","publisher":{"@id":"https:\/\/zsps.poznan.pl\/#organization"},"potentialAction":[{"@type":"SearchAction","target":{"@type":"EntryPoint","urlTemplate":"https:\/\/zsps.poznan.pl\/?s={search_term_string}"},"query-input":{"@type":"PropertyValueSpecification","valueRequired":true,"valueName":"search_term_string"}}],"inLanguage":"pl-PL"},{"@type":"Organization","@id":"https:\/\/zsps.poznan.pl\/#organization","name":"Zesp\u00f3\u0142 Szk\u00f3\u0142 Przemys\u0142u Spo\u017cywczego","url":"https:\/\/zsps.poznan.pl\/","logo":{"@type":"ImageObject","inLanguage":"pl-PL","@id":"https:\/\/zsps.poznan.pl\/#\/schema\/logo\/image\/","url":"","contentUrl":"","caption":"Zesp\u00f3\u0142 Szk\u00f3\u0142 Przemys\u0142u Spo\u017cywczego"},"image":{"@id":"https:\/\/zsps.poznan.pl\/#\/schema\/logo\/image\/"},"sameAs":["https:\/\/www.facebook.com\/zsps.poznan"]}]}},"_links":{"self":[{"href":"https:\/\/zsps.poznan.pl\/index.php\/wp-json\/wp\/v2\/pages\/40","targetHints":{"allow":["GET"]}}],"collection":[{"href":"https:\/\/zsps.poznan.pl\/index.php\/wp-json\/wp\/v2\/pages"}],"about":[{"href":"https:\/\/zsps.poznan.pl\/index.php\/wp-json\/wp\/v2\/types\/page"}],"author":[{"embeddable":true,"href":"https:\/\/zsps.poznan.pl\/index.php\/wp-json\/wp\/v2\/users\/5"}],"replies":[{"embeddable":true,"href":"https:\/\/zsps.poznan.pl\/index.php\/wp-json\/wp\/v2\/comments?post=40"}],"version-history":[{"count":51,"href":"https:\/\/zsps.poznan.pl\/index.php\/wp-json\/wp\/v2\/pages\/40\/revisions"}],"predecessor-version":[{"id":17159,"href":"https:\/\/zsps.poznan.pl\/index.php\/wp-json\/wp\/v2\/pages\/40\/revisions\/17159"}],"wp:attachment":[{"href":"https:\/\/zsps.poznan.pl\/index.php\/wp-json\/wp\/v2\/media?parent=40"}],"curies":[{"name":"wp","href":"https:\/\/api.w.org\/{rel}","templated":true}]}}