{"id":8126,"date":"2022-10-18T15:01:04","date_gmt":"2022-10-18T13:01:04","guid":{"rendered":"https:\/\/zsps.poznan.pl\/?page_id=8126"},"modified":"2025-10-26T10:49:53","modified_gmt":"2025-10-26T09:49:53","slug":"miedzyszkolny-konkurs-wiedzy-z-zawodu-technik-zywienia-i-uslug-gastronomicznych","status":"publish","type":"page","link":"https:\/\/zsps.poznan.pl\/index.php\/miedzyszkolny-konkurs-wiedzy-z-zawodu-technik-zywienia-i-uslug-gastronomicznych\/","title":{"rendered":"Mi\u0119dzyszkolny Konkurs Wiedzy z zawodu technik \u017cywienia i us\u0142ug gastronomicznych"},"content":{"rendered":"\t\t<div data-elementor-type=\"wp-page\" data-elementor-id=\"8126\" class=\"elementor elementor-8126\">\n\t\t\t\t\t\t<section class=\"elementor-section elementor-top-section elementor-element elementor-element-817979c elementor-section-boxed elementor-section-height-default elementor-section-height-default\" data-id=\"817979c\" data-element_type=\"section\" data-e-type=\"section\">\n\t\t\t\t\t\t<div class=\"elementor-container elementor-column-gap-default\">\n\t\t\t\t\t<div class=\"elementor-column elementor-col-100 elementor-top-column elementor-element elementor-element-f6f14f7\" data-id=\"f6f14f7\" data-element_type=\"column\" data-e-type=\"column\">\n\t\t\t<div class=\"elementor-widget-wrap elementor-element-populated\">\n\t\t\t\t\t\t<div class=\"elementor-element elementor-element-3019c48 elementor-widget elementor-widget-text-editor\" data-id=\"3019c48\" data-element_type=\"widget\" data-e-type=\"widget\" data-widget_type=\"text-editor.default\">\n\t\t\t\t<div class=\"elementor-widget-container\">\n\t\t\t\t\t\t\t\t\t<p>Celem konkursu jest aktywizowanie m\u0142odzie\u017cy do doskonalenia zawodowego poprzez pog\u0142\u0119bianie wiedzy teoretycznej i umiej\u0119tno\u015bci praktycznych w zakresie przedmiot\u00f3w zawodowych oraz stworzenie mo\u017cliwo\u015bci sprawdzenia w\u0142asnego poziomu wiedzy i\u00a0umiej\u0119tno\u015bci. Konkurs daje uczniom mo\u017cliwo\u015b\u0107 poznania smaku \u201ezdrowej\u201d rywalizacji, kt\u00f3ra pobudza do tw\u00f3rczego my\u015blenia, rozwija i daje szanse por\u00f3wnywania wiedzy umiej\u0119tno\u015bci z\u00a0innymi uczniami, przez co mobilizuje do dalszej pracy.<\/p>\t\t\t\t\t\t\t\t<\/div>\n\t\t\t\t<\/div>\n\t\t\t\t\t<\/div>\n\t\t<\/div>\n\t\t\t\t\t<\/div>\n\t\t<\/section>\n\t\t\t\t<section class=\"elementor-section elementor-top-section elementor-element elementor-element-3364daf elementor-section-boxed elementor-section-height-default elementor-section-height-default\" data-id=\"3364daf\" data-element_type=\"section\" data-e-type=\"section\">\n\t\t\t\t\t\t<div class=\"elementor-container elementor-column-gap-default\">\n\t\t\t\t\t<div class=\"elementor-column elementor-col-100 elementor-top-column elementor-element elementor-element-d4e5af4\" data-id=\"d4e5af4\" data-element_type=\"column\" data-e-type=\"column\">\n\t\t\t<div class=\"elementor-widget-wrap elementor-element-populated\">\n\t\t\t\t\t\t<div class=\"elementor-element elementor-element-737cf92 elementor-widget elementor-widget-text-editor\" data-id=\"737cf92\" data-element_type=\"widget\" data-e-type=\"widget\" data-widget_type=\"text-editor.default\">\n\t\t\t\t<div class=\"elementor-widget-container\">\n\t\t\t\t\t\t\t\t\t<p><a href=\"https:\/\/zsps.poznan.pl\/wp-content\/uploads\/2025\/10\/Regulamin-miedzyszkolnego-konkursu-wiedzy-z-zawodu-Technk-Zywienia-i-Uslug-G.pdf\">Za\u0142\u0105cznik nr 1 Regulamin Konkursu<\/a><\/p><p><a href=\"https:\/\/zsps.poznan.pl\/wp-content\/uploads\/2025\/10\/Zalacznik-2-Formularz-i-oswiadczenia.pdf\">Za\u0142\u0105cznik nr 2 Formularz zg\u0142oszenia i o\u015bwiadczenia<\/a><\/p>\t\t\t\t\t\t\t\t<\/div>\n\t\t\t\t<\/div>\n\t\t\t\t\t<\/div>\n\t\t<\/div>\n\t\t\t\t\t<\/div>\n\t\t<\/section>\n\t\t\t\t<\/div>\n\t\t","protected":false},"excerpt":{"rendered":"<p>Celem konkursu jest aktywizowanie m\u0142odzie\u017cy do doskonalenia zawodowego poprzez pog\u0142\u0119bianie wiedzy teoretycznej i umiej\u0119tno\u015bci praktycznych w zakresie przedmiot\u00f3w zawodowych oraz stworzenie mo\u017cliwo\u015bci sprawdzenia w\u0142asnego poziomu wiedzy i\u00a0umiej\u0119tno\u015bci. Konkurs daje uczniom mo\u017cliwo\u015b\u0107 poznania smaku \u201ezdrowej\u201d rywalizacji, kt\u00f3ra pobudza do tw\u00f3rczego my\u015blenia,<\/p>\n","protected":false},"author":9,"featured_media":0,"parent":0,"menu_order":0,"comment_status":"closed","ping_status":"closed","template":"","meta":{"footnotes":""},"class_list":["post-8126","page","type-page","status-publish","hentry"],"yoast_head":"<!-- This site is optimized with the Yoast SEO plugin v27.5 - https:\/\/yoast.com\/product\/yoast-seo-wordpress\/ -->\n<title>Mi\u0119dzyszkolny Konkurs Wiedzy z zawodu technik \u017cywienia i us\u0142ug gastronomicznych - ZESP\u00d3\u0141 SZK\u00d3\u0141 PRZEMYS\u0141U SPO\u017bYWCZEGO<\/title>\n<meta name=\"robots\" content=\"index, follow, max-snippet:-1, max-image-preview:large, max-video-preview:-1\" \/>\n<link rel=\"canonical\" href=\"https:\/\/zsps.poznan.pl\/index.php\/miedzyszkolny-konkurs-wiedzy-z-zawodu-technik-zywienia-i-uslug-gastronomicznych\/\" \/>\n<meta property=\"og:locale\" content=\"pl_PL\" \/>\n<meta property=\"og:type\" content=\"article\" \/>\n<meta property=\"og:title\" content=\"Mi\u0119dzyszkolny Konkurs Wiedzy z zawodu technik \u017cywienia i us\u0142ug gastronomicznych - ZESP\u00d3\u0141 SZK\u00d3\u0141 PRZEMYS\u0141U SPO\u017bYWCZEGO\" \/>\n<meta property=\"og:description\" content=\"Celem konkursu jest aktywizowanie m\u0142odzie\u017cy do doskonalenia zawodowego poprzez pog\u0142\u0119bianie wiedzy teoretycznej i umiej\u0119tno\u015bci praktycznych w zakresie przedmiot\u00f3w zawodowych oraz stworzenie mo\u017cliwo\u015bci sprawdzenia w\u0142asnego poziomu wiedzy i\u00a0umiej\u0119tno\u015bci. Konkurs daje uczniom mo\u017cliwo\u015b\u0107 poznania smaku \u201ezdrowej\u201d rywalizacji, kt\u00f3ra pobudza do tw\u00f3rczego my\u015blenia,\" \/>\n<meta property=\"og:url\" content=\"https:\/\/zsps.poznan.pl\/index.php\/miedzyszkolny-konkurs-wiedzy-z-zawodu-technik-zywienia-i-uslug-gastronomicznych\/\" \/>\n<meta property=\"og:site_name\" content=\"ZESP\u00d3\u0141 SZK\u00d3\u0141 PRZEMYS\u0141U SPO\u017bYWCZEGO\" \/>\n<meta property=\"article:publisher\" content=\"https:\/\/www.facebook.com\/zsps.poznan\" \/>\n<meta property=\"article:modified_time\" content=\"2025-10-26T09:49:53+00:00\" \/>\n<meta name=\"twitter:card\" content=\"summary_large_image\" \/>\n<meta name=\"twitter:label1\" content=\"Szacowany czas czytania\" \/>\n\t<meta name=\"twitter:data1\" content=\"1 minuta\" \/>\n<script type=\"application\/ld+json\" class=\"yoast-schema-graph\">{\"@context\":\"https:\\\/\\\/schema.org\",\"@graph\":[{\"@type\":\"WebPage\",\"@id\":\"https:\\\/\\\/zsps.poznan.pl\\\/index.php\\\/miedzyszkolny-konkurs-wiedzy-z-zawodu-technik-zywienia-i-uslug-gastronomicznych\\\/\",\"url\":\"https:\\\/\\\/zsps.poznan.pl\\\/index.php\\\/miedzyszkolny-konkurs-wiedzy-z-zawodu-technik-zywienia-i-uslug-gastronomicznych\\\/\",\"name\":\"Mi\u0119dzyszkolny Konkurs Wiedzy z zawodu technik \u017cywienia i us\u0142ug gastronomicznych - ZESP\u00d3\u0141 SZK\u00d3\u0141 PRZEMYS\u0141U SPO\u017bYWCZEGO\",\"isPartOf\":{\"@id\":\"https:\\\/\\\/zsps.poznan.pl\\\/#website\"},\"datePublished\":\"2022-10-18T13:01:04+00:00\",\"dateModified\":\"2025-10-26T09:49:53+00:00\",\"breadcrumb\":{\"@id\":\"https:\\\/\\\/zsps.poznan.pl\\\/index.php\\\/miedzyszkolny-konkurs-wiedzy-z-zawodu-technik-zywienia-i-uslug-gastronomicznych\\\/#breadcrumb\"},\"inLanguage\":\"pl-PL\",\"potentialAction\":[{\"@type\":\"ReadAction\",\"target\":[\"https:\\\/\\\/zsps.poznan.pl\\\/index.php\\\/miedzyszkolny-konkurs-wiedzy-z-zawodu-technik-zywienia-i-uslug-gastronomicznych\\\/\"]}]},{\"@type\":\"BreadcrumbList\",\"@id\":\"https:\\\/\\\/zsps.poznan.pl\\\/index.php\\\/miedzyszkolny-konkurs-wiedzy-z-zawodu-technik-zywienia-i-uslug-gastronomicznych\\\/#breadcrumb\",\"itemListElement\":[{\"@type\":\"ListItem\",\"position\":1,\"name\":\"Strona g\u0142\u00f3wna\",\"item\":\"https:\\\/\\\/zsps.poznan.pl\\\/\"},{\"@type\":\"ListItem\",\"position\":2,\"name\":\"Mi\u0119dzyszkolny Konkurs Wiedzy z zawodu technik \u017cywienia i us\u0142ug gastronomicznych\"}]},{\"@type\":\"WebSite\",\"@id\":\"https:\\\/\\\/zsps.poznan.pl\\\/#website\",\"url\":\"https:\\\/\\\/zsps.poznan.pl\\\/\",\"name\":\"ZESP\u00d3\u0141 SZK\u00d3\u0141 PRZEMYS\u0141U SPO\u017bYWCZEGO\",\"description\":\"im. J. J. \u015aniadeckich w Poznaniu\",\"publisher\":{\"@id\":\"https:\\\/\\\/zsps.poznan.pl\\\/#organization\"},\"potentialAction\":[{\"@type\":\"SearchAction\",\"target\":{\"@type\":\"EntryPoint\",\"urlTemplate\":\"https:\\\/\\\/zsps.poznan.pl\\\/?s={search_term_string}\"},\"query-input\":{\"@type\":\"PropertyValueSpecification\",\"valueRequired\":true,\"valueName\":\"search_term_string\"}}],\"inLanguage\":\"pl-PL\"},{\"@type\":\"Organization\",\"@id\":\"https:\\\/\\\/zsps.poznan.pl\\\/#organization\",\"name\":\"Zesp\u00f3\u0142 Szk\u00f3\u0142 Przemys\u0142u Spo\u017cywczego\",\"url\":\"https:\\\/\\\/zsps.poznan.pl\\\/\",\"logo\":{\"@type\":\"ImageObject\",\"inLanguage\":\"pl-PL\",\"@id\":\"https:\\\/\\\/zsps.poznan.pl\\\/#\\\/schema\\\/logo\\\/image\\\/\",\"url\":\"\",\"contentUrl\":\"\",\"caption\":\"Zesp\u00f3\u0142 Szk\u00f3\u0142 Przemys\u0142u Spo\u017cywczego\"},\"image\":{\"@id\":\"https:\\\/\\\/zsps.poznan.pl\\\/#\\\/schema\\\/logo\\\/image\\\/\"},\"sameAs\":[\"https:\\\/\\\/www.facebook.com\\\/zsps.poznan\"]}]}<\/script>\n<!-- \/ Yoast SEO plugin. -->","yoast_head_json":{"title":"Mi\u0119dzyszkolny Konkurs Wiedzy z zawodu technik \u017cywienia i us\u0142ug gastronomicznych - ZESP\u00d3\u0141 SZK\u00d3\u0141 PRZEMYS\u0141U SPO\u017bYWCZEGO","robots":{"index":"index","follow":"follow","max-snippet":"max-snippet:-1","max-image-preview":"max-image-preview:large","max-video-preview":"max-video-preview:-1"},"canonical":"https:\/\/zsps.poznan.pl\/index.php\/miedzyszkolny-konkurs-wiedzy-z-zawodu-technik-zywienia-i-uslug-gastronomicznych\/","og_locale":"pl_PL","og_type":"article","og_title":"Mi\u0119dzyszkolny Konkurs Wiedzy z zawodu technik \u017cywienia i us\u0142ug gastronomicznych - ZESP\u00d3\u0141 SZK\u00d3\u0141 PRZEMYS\u0141U SPO\u017bYWCZEGO","og_description":"Celem konkursu jest aktywizowanie m\u0142odzie\u017cy do doskonalenia zawodowego poprzez pog\u0142\u0119bianie wiedzy teoretycznej i umiej\u0119tno\u015bci praktycznych w zakresie przedmiot\u00f3w zawodowych oraz stworzenie mo\u017cliwo\u015bci sprawdzenia w\u0142asnego poziomu wiedzy i\u00a0umiej\u0119tno\u015bci. Konkurs daje uczniom mo\u017cliwo\u015b\u0107 poznania smaku \u201ezdrowej\u201d rywalizacji, kt\u00f3ra pobudza do tw\u00f3rczego my\u015blenia,","og_url":"https:\/\/zsps.poznan.pl\/index.php\/miedzyszkolny-konkurs-wiedzy-z-zawodu-technik-zywienia-i-uslug-gastronomicznych\/","og_site_name":"ZESP\u00d3\u0141 SZK\u00d3\u0141 PRZEMYS\u0141U SPO\u017bYWCZEGO","article_publisher":"https:\/\/www.facebook.com\/zsps.poznan","article_modified_time":"2025-10-26T09:49:53+00:00","twitter_card":"summary_large_image","twitter_misc":{"Szacowany czas czytania":"1 minuta"},"schema":{"@context":"https:\/\/schema.org","@graph":[{"@type":"WebPage","@id":"https:\/\/zsps.poznan.pl\/index.php\/miedzyszkolny-konkurs-wiedzy-z-zawodu-technik-zywienia-i-uslug-gastronomicznych\/","url":"https:\/\/zsps.poznan.pl\/index.php\/miedzyszkolny-konkurs-wiedzy-z-zawodu-technik-zywienia-i-uslug-gastronomicznych\/","name":"Mi\u0119dzyszkolny Konkurs Wiedzy z zawodu technik \u017cywienia i us\u0142ug gastronomicznych - ZESP\u00d3\u0141 SZK\u00d3\u0141 PRZEMYS\u0141U SPO\u017bYWCZEGO","isPartOf":{"@id":"https:\/\/zsps.poznan.pl\/#website"},"datePublished":"2022-10-18T13:01:04+00:00","dateModified":"2025-10-26T09:49:53+00:00","breadcrumb":{"@id":"https:\/\/zsps.poznan.pl\/index.php\/miedzyszkolny-konkurs-wiedzy-z-zawodu-technik-zywienia-i-uslug-gastronomicznych\/#breadcrumb"},"inLanguage":"pl-PL","potentialAction":[{"@type":"ReadAction","target":["https:\/\/zsps.poznan.pl\/index.php\/miedzyszkolny-konkurs-wiedzy-z-zawodu-technik-zywienia-i-uslug-gastronomicznych\/"]}]},{"@type":"BreadcrumbList","@id":"https:\/\/zsps.poznan.pl\/index.php\/miedzyszkolny-konkurs-wiedzy-z-zawodu-technik-zywienia-i-uslug-gastronomicznych\/#breadcrumb","itemListElement":[{"@type":"ListItem","position":1,"name":"Strona g\u0142\u00f3wna","item":"https:\/\/zsps.poznan.pl\/"},{"@type":"ListItem","position":2,"name":"Mi\u0119dzyszkolny Konkurs Wiedzy z zawodu technik \u017cywienia i us\u0142ug gastronomicznych"}]},{"@type":"WebSite","@id":"https:\/\/zsps.poznan.pl\/#website","url":"https:\/\/zsps.poznan.pl\/","name":"ZESP\u00d3\u0141 SZK\u00d3\u0141 PRZEMYS\u0141U SPO\u017bYWCZEGO","description":"im. J. J. \u015aniadeckich w Poznaniu","publisher":{"@id":"https:\/\/zsps.poznan.pl\/#organization"},"potentialAction":[{"@type":"SearchAction","target":{"@type":"EntryPoint","urlTemplate":"https:\/\/zsps.poznan.pl\/?s={search_term_string}"},"query-input":{"@type":"PropertyValueSpecification","valueRequired":true,"valueName":"search_term_string"}}],"inLanguage":"pl-PL"},{"@type":"Organization","@id":"https:\/\/zsps.poznan.pl\/#organization","name":"Zesp\u00f3\u0142 Szk\u00f3\u0142 Przemys\u0142u Spo\u017cywczego","url":"https:\/\/zsps.poznan.pl\/","logo":{"@type":"ImageObject","inLanguage":"pl-PL","@id":"https:\/\/zsps.poznan.pl\/#\/schema\/logo\/image\/","url":"","contentUrl":"","caption":"Zesp\u00f3\u0142 Szk\u00f3\u0142 Przemys\u0142u Spo\u017cywczego"},"image":{"@id":"https:\/\/zsps.poznan.pl\/#\/schema\/logo\/image\/"},"sameAs":["https:\/\/www.facebook.com\/zsps.poznan"]}]}},"_links":{"self":[{"href":"https:\/\/zsps.poznan.pl\/index.php\/wp-json\/wp\/v2\/pages\/8126","targetHints":{"allow":["GET"]}}],"collection":[{"href":"https:\/\/zsps.poznan.pl\/index.php\/wp-json\/wp\/v2\/pages"}],"about":[{"href":"https:\/\/zsps.poznan.pl\/index.php\/wp-json\/wp\/v2\/types\/page"}],"author":[{"embeddable":true,"href":"https:\/\/zsps.poznan.pl\/index.php\/wp-json\/wp\/v2\/users\/9"}],"replies":[{"embeddable":true,"href":"https:\/\/zsps.poznan.pl\/index.php\/wp-json\/wp\/v2\/comments?post=8126"}],"version-history":[{"count":24,"href":"https:\/\/zsps.poznan.pl\/index.php\/wp-json\/wp\/v2\/pages\/8126\/revisions"}],"predecessor-version":[{"id":16751,"href":"https:\/\/zsps.poznan.pl\/index.php\/wp-json\/wp\/v2\/pages\/8126\/revisions\/16751"}],"wp:attachment":[{"href":"https:\/\/zsps.poznan.pl\/index.php\/wp-json\/wp\/v2\/media?parent=8126"}],"curies":[{"name":"wp","href":"https:\/\/api.w.org\/{rel}","templated":true}]}}